Last updated on 2024-05-28 12:56:17 CEST.
Flavor | Version | Tinstall | Tcheck | Ttotal | Status | Flags |
---|---|---|---|---|---|---|
r-devel-linux-x86_64-debian-clang | 2.3.2 | 445.69 | 102.39 | 548.08 | NOTE | |
r-devel-linux-x86_64-debian-gcc | 2.3.2 | 280.42 | 86.22 | 366.64 | NOTE | |
r-devel-linux-x86_64-fedora-clang | 2.3.2 | 786.34 | NOTE | |||
r-devel-linux-x86_64-fedora-gcc | 2.3.2 | 783.07 | NOTE | |||
r-devel-windows-x86_64 | 2.3.2 | 319.00 | 136.00 | 455.00 | NOTE | |
r-patched-linux-x86_64 | 2.3.2 | 350.11 | 114.23 | 464.34 | NOTE | |
r-release-linux-x86_64 | 2.3.2 | 330.27 | 111.34 | 441.61 | NOTE | |
r-release-macos-arm64 | 2.3.2 | 146.00 | NOTE | |||
r-release-macos-x86_64 | 2.3.2 | 176.00 | NOTE | |||
r-release-windows-x86_64 | 2.3.2 | 316.00 | 138.00 | 454.00 | NOTE | |
r-oldrel-macos-arm64 | 2.3.2 | 129.00 | NOTE | |||
r-oldrel-macos-x86_64 | 2.3.2 | 161.00 | NOTE | |||
r-oldrel-windows-x86_64 | 2.3.2 | 390.00 | 169.00 | 559.00 | NOTE |
Version: 2.3.2
Check: for GNU extensions in Makefiles
Result: NOTE
GNU make is a SystemRequirements.
Flavors: r-devel-linux-x86_64-debian-clang, r-devel-linux-x86_64-debian-gcc, r-devel-linux-x86_64-fedora-clang, r-devel-linux-x86_64-fedora-gcc, r-devel-windows-x86_64, r-patched-linux-x86_64, r-release-linux-x86_64, r-release-macos-arm64, r-release-macos-x86_64, r-release-windows-x86_64, r-oldrel-macos-arm64, r-oldrel-macos-x86_64, r-oldrel-windows-x86_64
Version: 2.3.2
Check: installed package size
Result: NOTE
installed size is 39.5Mb
sub-directories of 1Mb or more:
libs 39.0Mb
Flavors: r-release-macos-arm64, r-release-macos-x86_64, r-oldrel-macos-arm64, r-oldrel-macos-x86_64