Last updated on 2025-10-31 13:50:51 CET.
| Flavor | Version | Tinstall | Tcheck | Ttotal | Status | Flags | 
|---|---|---|---|---|---|---|
| r-devel-linux-x86_64-debian-clang | 0.2.1 | 3.46 | 40.93 | 44.39 | NOTE | |
| r-devel-linux-x86_64-debian-gcc | 0.2.1 | 2.47 | 30.96 | 33.43 | NOTE | |
| r-devel-linux-x86_64-fedora-clang | 0.2.1 | 14.00 | 58.24 | 72.24 | NOTE | |
| r-devel-linux-x86_64-fedora-gcc | 0.2.1 | 62.77 | NOTE | |||
| r-devel-windows-x86_64 | 0.2.1 | 5.00 | 84.00 | 89.00 | NOTE | |
| r-patched-linux-x86_64 | 0.2.1 | 5.04 | 39.57 | 44.61 | NOTE | |
| r-release-linux-x86_64 | 0.2.1 | 2.87 | 39.45 | 42.32 | NOTE | |
| r-release-macos-arm64 | 0.2.1 | 2.00 | 20.00 | 22.00 | NOTE | |
| r-release-macos-x86_64 | 0.2.1 | 4.00 | 37.00 | 41.00 | NOTE | |
| r-release-windows-x86_64 | 0.2.1 | 6.00 | 66.00 | 72.00 | NOTE | |
| r-oldrel-macos-arm64 | 0.2.1 | 2.00 | 19.00 | 21.00 | NOTE | |
| r-oldrel-macos-x86_64 | 0.2.1 | 3.00 | 30.00 | 33.00 | NOTE | |
| r-oldrel-windows-x86_64 | 0.2.1 | 5.00 | 77.00 | 82.00 | NOTE | 
Version: 0.2.1
Check: CRAN incoming feasibility
Result: NOTE
  Maintainer: ‘Andy Wills <andy@willslab.co.uk>’
  
  No Authors@R field in DESCRIPTION.
  Please add one, modifying
    Authors@R: c(person(given = "Kazunaga",
                        family = "Matsuki",
                        role = "aut"),
                 person(given = "Andy",
                        family = "Wills",
                        role = "cre",
                        email = "andy@willslab.co.uk"))
  as necessary.
Flavors: r-devel-linux-x86_64-debian-clang, r-devel-linux-x86_64-debian-gcc
Version: 0.2.1
Check: Rd files
Result: NOTE
  checkRd: (-1) qdb.p.correct.Rd:14: Lost braces; missing escapes or markup?
      14 | \item{refpts}{a numeric vector used as a reference point to determine the correct side of the \code{qdb} for classifying \code{x}. The \code{length(refpts)} should be equal to {ncol(x)}. Default to \code{colMeans(x)}. }
         |                                                                                                                                                                                 ^
Flavors: r-devel-linux-x86_64-debian-clang, r-devel-linux-x86_64-debian-gcc, r-devel-linux-x86_64-fedora-clang, r-devel-linux-x86_64-fedora-gcc, r-devel-windows-x86_64, r-patched-linux-x86_64, r-release-linux-x86_64, r-release-macos-arm64, r-release-macos-x86_64, r-release-windows-x86_64, r-oldrel-macos-arm64, r-oldrel-macos-x86_64, r-oldrel-windows-x86_64