Last updated on 2024-05-28 12:56:17 CEST.
Flavor | Version | Tinstall | Tcheck | Ttotal | Status | Flags |
---|---|---|---|---|---|---|
r-devel-linux-x86_64-debian-clang | 0.2.4 | 6.74 | 70.75 | 77.49 | OK | |
r-devel-linux-x86_64-debian-gcc | 0.2.4 | 5.61 | 53.36 | 58.97 | OK | |
r-devel-linux-x86_64-fedora-clang | 0.2.4 | 100.30 | NOTE | |||
r-devel-linux-x86_64-fedora-gcc | 0.2.4 | 106.88 | NOTE | |||
r-devel-windows-x86_64 | 0.2.4 | 10.00 | 73.00 | 83.00 | NOTE | |
r-patched-linux-x86_64 | 0.2.4 | 10.26 | 69.57 | 79.83 | OK | |
r-release-linux-x86_64 | 0.2.4 | 6.17 | 66.90 | 73.07 | OK | |
r-release-macos-arm64 | 0.2.4 | 41.00 | NOTE | |||
r-release-windows-x86_64 | 0.2.4 | 9.00 | 72.00 | 81.00 | NOTE | |
r-oldrel-macos-arm64 | 0.2.4 | 44.00 | NOTE | |||
r-oldrel-macos-x86_64 | 0.2.4 | 87.00 | NOTE | |||
r-oldrel-windows-x86_64 | 0.2.4 | 13.00 | 84.00 | 97.00 | NOTE |
Version: 0.2.4
Check: installed package size
Result: NOTE
installed size is 5.2Mb
sub-directories of 1Mb or more:
data 4.8Mb
Flavors: r-devel-linux-x86_64-fedora-clang, r-devel-windows-x86_64, r-release-macos-arm64, r-release-windows-x86_64, r-oldrel-macos-arm64, r-oldrel-macos-x86_64, r-oldrel-windows-x86_64
Version: 0.2.4
Check: data for non-ASCII characters
Result: NOTE
Note: found 20255 marked UTF-8 strings
Flavors: r-devel-linux-x86_64-fedora-clang, r-devel-linux-x86_64-fedora-gcc