Last updated on 2024-05-28 12:56:18 CEST.
Flavor | Version | Tinstall | Tcheck | Ttotal | Status | Flags |
---|---|---|---|---|---|---|
r-devel-linux-x86_64-debian-clang | 0.1-9 | 11.52 | 205.00 | 216.52 | NOTE | |
r-devel-linux-x86_64-debian-gcc | 0.1-9 | 8.93 | 146.27 | 155.20 | NOTE | |
r-devel-linux-x86_64-fedora-clang | 0.1-9 | 253.66 | NOTE | |||
r-devel-linux-x86_64-fedora-gcc | 0.1-9 | 248.86 | NOTE | |||
r-devel-windows-x86_64 | 0.1-9 | 10.00 | 164.00 | 174.00 | NOTE | |
r-patched-linux-x86_64 | 0.1-9 | 16.50 | 191.14 | 207.64 | NOTE | |
r-release-linux-x86_64 | 0.1-9 | 11.51 | 199.89 | 211.40 | NOTE | |
r-release-macos-arm64 | 0.1-9 | 68.00 | NOTE | |||
r-release-windows-x86_64 | 0.1-9 | 10.00 | 165.00 | 175.00 | NOTE | |
r-oldrel-macos-arm64 | 0.1-9 | 79.00 | OK | |||
r-oldrel-macos-x86_64 | 0.1-9 | 135.00 | OK | |||
r-oldrel-windows-x86_64 | 0.1-9 | 14.00 | 211.00 | 225.00 | OK |
Version: 0.1-9
Check: Rd files
Result: NOTE
checkRd: (-1) lasso.proj.Rd:62: Lost braces; missing escapes or markup?
62 | indicated using an index vector with entries in {1,...,p} or a list thereof.}
| ^
Flavors: r-devel-linux-x86_64-debian-clang, r-devel-linux-x86_64-debian-gcc, r-devel-linux-x86_64-fedora-clang, r-devel-linux-x86_64-fedora-gcc, r-devel-windows-x86_64, r-patched-linux-x86_64, r-release-linux-x86_64, r-release-macos-arm64, r-release-windows-x86_64