Last updated on 2025-10-31 13:50:51 CET.
| Flavor | Version | Tinstall | Tcheck | Ttotal | Status | Flags | 
|---|---|---|---|---|---|---|
| r-devel-linux-x86_64-debian-clang | 1.0 | 1.62 | 19.64 | 21.26 | NOTE | |
| r-devel-linux-x86_64-debian-gcc | 1.0 | 1.42 | 16.20 | 17.62 | NOTE | |
| r-devel-linux-x86_64-fedora-clang | 1.0 | 14.00 | 17.78 | 31.78 | NOTE | |
| r-devel-linux-x86_64-fedora-gcc | 1.0 | 28.39 | NOTE | |||
| r-devel-windows-x86_64 | 1.0 | 2.00 | 36.00 | 38.00 | NOTE | |
| r-patched-linux-x86_64 | 1.0 | 1.72 | 18.84 | 20.56 | NOTE | |
| r-release-linux-x86_64 | 1.0 | 1.72 | 18.74 | 20.46 | NOTE | |
| r-release-macos-arm64 | 1.0 | 1.00 | 13.00 | 14.00 | NOTE | |
| r-release-macos-x86_64 | 1.0 | 2.00 | 19.00 | 21.00 | NOTE | |
| r-release-windows-x86_64 | 1.0 | 2.00 | 38.00 | 40.00 | NOTE | |
| r-oldrel-macos-arm64 | 1.0 | 1.00 | 13.00 | 14.00 | NOTE | |
| r-oldrel-macos-x86_64 | 1.0 | 1.00 | 18.00 | 19.00 | NOTE | |
| r-oldrel-windows-x86_64 | 1.0 | 2.00 | 36.00 | 38.00 | NOTE | 
Version: 1.0
Check: CRAN incoming feasibility
Result: NOTE
  Maintainer: ‘Kerry Atkins <atkins.kerry04@gmail.com>’
  
  No Authors@R field in DESCRIPTION.
  Please add one, modifying
    Authors@R: person(given = "Kerry",
                      family = "Atkins",
                      role = c("aut", "cre"),
                      email = "atkins.kerry04@gmail.com")
  as necessary.
  
  Found the following \keyword or \concept entries
  which likely give several index terms:
    File ‘heatex-package.Rd’:
      \keyword{Heat exchange,heat transfer}
Flavors: r-devel-linux-x86_64-debian-clang, r-devel-linux-x86_64-debian-gcc
Version: 1.0
Check: DESCRIPTION meta-information
Result: NOTE
  Malformed Title field: should not end in a period.
Flavors: r-devel-linux-x86_64-debian-clang, r-devel-linux-x86_64-debian-gcc, r-devel-linux-x86_64-fedora-clang, r-devel-linux-x86_64-fedora-gcc, r-devel-windows-x86_64, r-patched-linux-x86_64, r-release-linux-x86_64, r-release-macos-arm64, r-release-macos-x86_64, r-release-windows-x86_64, r-oldrel-macos-arm64, r-oldrel-macos-x86_64, r-oldrel-windows-x86_64