Last updated on 2025-10-31 13:50:51 CET.
| Flavor | Version | Tinstall | Tcheck | Ttotal | Status | Flags | 
|---|---|---|---|---|---|---|
| r-devel-linux-x86_64-debian-clang | 1.1.2 | 2.99 | 31.19 | 34.18 | NOTE | |
| r-devel-linux-x86_64-debian-gcc | 1.1.2 | 2.23 | 24.77 | 27.00 | NOTE | |
| r-devel-linux-x86_64-fedora-clang | 1.1.2 | 11.00 | 39.53 | 50.53 | NOTE | |
| r-devel-linux-x86_64-fedora-gcc | 1.1.2 | 45.26 | NOTE | |||
| r-devel-windows-x86_64 | 1.1.2 | 5.00 | 53.00 | 58.00 | NOTE | |
| r-patched-linux-x86_64 | 1.1.2 | 3.11 | 29.69 | 32.80 | NOTE | |
| r-release-linux-x86_64 | 1.1.2 | 2.48 | 29.87 | 32.35 | NOTE | |
| r-release-macos-arm64 | 1.1.2 | 3.00 | 28.00 | 31.00 | NOTE | |
| r-release-macos-x86_64 | 1.1.2 | 4.00 | 37.00 | 41.00 | NOTE | |
| r-release-windows-x86_64 | 1.1.2 | 4.00 | 55.00 | 59.00 | NOTE | |
| r-oldrel-macos-arm64 | 1.1.2 | 2.00 | 18.00 | 20.00 | NOTE | |
| r-oldrel-macos-x86_64 | 1.1.2 | 2.00 | 26.00 | 28.00 | NOTE | |
| r-oldrel-windows-x86_64 | 1.1.2 | 6.00 | 60.00 | 66.00 | NOTE | 
Version: 1.1.2
Check: CRAN incoming feasibility
Result: NOTE
  Maintainer: ‘David Moriña Soler <david.morina@uab.cat>’
  
  No Authors@R field in DESCRIPTION.
  Please add one, modifying
    Authors@R: c(person(given = "David",
                        family = "Moriña",
                        role = c("aut", "cre"),
                        email = "david.morina@uab.cat"),
                 person(given = "Manuel",
                        family = "Higueras",
                        role = "aut"),
                 person(given = "Pedro",
                        family = "Puig",
                        role = "aut"),
                 person(given = "María",
                        family = "Oliveira",
                        role = "aut"))
  as necessary.
Flavors: r-devel-linux-x86_64-debian-clang, r-devel-linux-x86_64-debian-gcc
Version: 1.1.2
Check: Rd files
Result: NOTE
  checkRd: (-1) glm.hermite.Rd:46-48: Lost braces in \itemize; \value handles \item{}{} directly
  checkRd: (-1) glm.hermite.Rd:49-51: Lost braces in \itemize; \value handles \item{}{} directly
  checkRd: (-1) glm.hermite.Rd:52-54: Lost braces in \itemize; \value handles \item{}{} directly
  checkRd: (-1) glm.hermite.Rd:55-58: Lost braces in \itemize; \value handles \item{}{} directly
  checkRd: (-1) glm.hermite.Rd:59-60: Lost braces in \itemize; \value handles \item{}{} directly
  checkRd: (-1) glm.hermite.Rd:61-65: Lost braces in \itemize; \value handles \item{}{} directly
  checkRd: (-1) glm.hermite.Rd:66-67: Lost braces in \itemize; \value handles \item{}{} directly
  checkRd: (-1) glm.hermite.Rd:68-69: Lost braces in \itemize; \value handles \item{}{} directly
  checkRd: (-1) phermite.Rd:38: Lost braces; missing escapes or markup?
      38 |   {b} and \code{m} to be lower (or greater) than \code{q}.
         |   ^
Flavors: r-devel-linux-x86_64-debian-clang, r-devel-linux-x86_64-debian-gcc, r-devel-linux-x86_64-fedora-clang, r-devel-linux-x86_64-fedora-gcc, r-devel-windows-x86_64, r-patched-linux-x86_64, r-release-linux-x86_64, r-release-macos-arm64, r-release-macos-x86_64, r-release-windows-x86_64, r-oldrel-macos-arm64, r-oldrel-macos-x86_64, r-oldrel-windows-x86_64