Last updated on 2025-10-31 13:50:51 CET.
| Flavor | Version | Tinstall | Tcheck | Ttotal | Status | Flags | 
|---|---|---|---|---|---|---|
| r-devel-linux-x86_64-debian-clang | 0.1-3 | 3.78 | 25.66 | 29.44 | NOTE | |
| r-devel-linux-x86_64-debian-gcc | 0.1-3 | 2.94 | 20.40 | 23.34 | NOTE | |
| r-devel-linux-x86_64-fedora-clang | 0.1-3 | 10.00 | 34.32 | 44.32 | OK | |
| r-devel-linux-x86_64-fedora-gcc | 0.1-3 | 39.41 | OK | |||
| r-devel-windows-x86_64 | 0.1-3 | 7.00 | 47.00 | 54.00 | OK | |
| r-patched-linux-x86_64 | 0.1-3 | 4.19 | 23.42 | 27.61 | OK | |
| r-release-linux-x86_64 | 0.1-3 | 3.44 | 23.46 | 26.90 | OK | |
| r-release-macos-arm64 | 0.1-3 | 3.00 | 14.00 | 17.00 | OK | |
| r-release-macos-x86_64 | 0.1-3 | 5.00 | 22.00 | 27.00 | OK | |
| r-release-windows-x86_64 | 0.1-3 | 9.00 | 48.00 | 57.00 | OK | |
| r-oldrel-macos-arm64 | 0.1-3 | 3.00 | 14.00 | 17.00 | OK | |
| r-oldrel-macos-x86_64 | 0.1-3 | 4.00 | 19.00 | 23.00 | OK | |
| r-oldrel-windows-x86_64 | 0.1-3 | 7.00 | 55.00 | 62.00 | OK | 
Version: 0.1-3
Check: CRAN incoming feasibility
Result: NOTE
  Maintainer: ‘Alex T. Kalinka <alex.t.kalinka@gmail.com>’
  
  No Authors@R field in DESCRIPTION.
  Please add one, modifying
    Authors@R: person(given = c("Alex", "T."),
                      family = "Kalinka",
                      role = c("aut", "cre"),
                      email = "alex.t.kalinka@gmail.com")
  as necessary.
  
  Package CITATION file contains call(s) to old-style personList() or
  as.personList().  Please use c() on person objects instead.
  Package CITATION file contains call(s) to old-style citEntry().  Please
  use bibentry() instead.
  
  The Description field contains
    numbers of balls belonging to the same n categories. <arXiv:1305.0717>.
  Please refer to arXiv e-prints via their arXiv DOI <doi:10.48550/arXiv.YYMM.NNNNN>.
Flavors: r-devel-linux-x86_64-debian-clang, r-devel-linux-x86_64-debian-gcc