CRAN Package Check Results for Package hlt

Last updated on 2025-07-08 13:49:11 CEST.

Flavor Version Tinstall Tcheck Ttotal Status Flags
r-devel-linux-x86_64-debian-clang 1.3.1 58.44 61.43 119.87 NOTE
r-devel-linux-x86_64-debian-gcc 1.3.1 48.96 42.10 91.06 NOTE
r-devel-linux-x86_64-fedora-clang 1.3.1 194.25 NOTE
r-devel-linux-x86_64-fedora-gcc 1.3.1 206.32 NOTE
r-devel-windows-x86_64 1.3.1 72.00 93.00 165.00 NOTE
r-patched-linux-x86_64 1.3.1 65.21 55.94 121.15 NOTE
r-release-linux-x86_64 1.3.1 68.24 55.25 123.49 NOTE
r-release-macos-arm64 1.3.1 50.00 NOTE
r-release-macos-x86_64 1.3.1 81.00 NOTE
r-release-windows-x86_64 1.3.1 74.00 92.00 166.00 NOTE
r-oldrel-macos-arm64 1.3.1 51.00 NOTE
r-oldrel-macos-x86_64 1.3.1 66.00 NOTE
r-oldrel-windows-x86_64 1.3.1 91.00 112.00 203.00 NOTE

Check Details

Version: 1.3.1
Check: Rd files
Result: NOTE checkRd: (-1) hlt.Rd:64: Lost braces in \itemize; meant \describe ? checkRd: (-1) hlt.Rd:65: Lost braces in \itemize; meant \describe ? checkRd: (-1) hlt.Rd:66: Lost braces in \itemize; meant \describe ? checkRd: (-1) hlt.Rd:67: Lost braces in \itemize; meant \describe ? checkRd: (-1) hlt.Rd:68: Lost braces in \itemize; meant \describe ? checkRd: (-1) hlt.Rd:77-78: Lost braces in \itemize; \value handles \item{}{} directly checkRd: (-1) hlt.Rd:79: Lost braces in \itemize; \value handles \item{}{} directly checkRd: (-1) hlt.Rd:80-81: Lost braces in \itemize; \value handles \item{}{} directly checkRd: (-1) hlt.Rd:82: Lost braces in \itemize; \value handles \item{}{} directly checkRd: (-1) hlt.Rd:83: Lost braces in \itemize; \value handles \item{}{} directly checkRd: (-1) hltsim.Rd:31: Lost braces in \itemize; \value handles \item{}{} directly checkRd: (-1) hltsim.Rd:32: Lost braces in \itemize; \value handles \item{}{} directly checkRd: (-1) hltsim.Rd:33: Lost braces in \itemize; \value handles \item{}{} directly checkRd: (-1) hltsim.Rd:34: Lost braces in \itemize; \value handles \item{}{} directly checkRd: (-1) hltsim.Rd:35: Lost braces in \itemize; \value handles \item{}{} directly checkRd: (-1) hltsim.Rd:36: Lost braces in \itemize; \value handles \item{}{} directly checkRd: (-1) hltsim.Rd:37: Lost braces in \itemize; \value handles \item{}{} directly checkRd: (-1) hltsim.Rd:38: Lost braces in \itemize; \value handles \item{}{} directly Flavors: r-devel-linux-x86_64-debian-clang, r-devel-linux-x86_64-debian-gcc, r-devel-linux-x86_64-fedora-clang, r-devel-linux-x86_64-fedora-gcc, r-devel-windows-x86_64, r-patched-linux-x86_64, r-release-linux-x86_64, r-release-macos-arm64, r-release-macos-x86_64, r-release-windows-x86_64, r-oldrel-macos-arm64, r-oldrel-macos-x86_64, r-oldrel-windows-x86_64

Version: 1.3.1
Check: installed package size
Result: NOTE installed size is 6.0Mb sub-directories of 1Mb or more: help 2.3Mb libs 2.6Mb Flavors: r-oldrel-macos-arm64, r-oldrel-macos-x86_64