Last updated on 2025-10-31 13:50:52 CET.
| Flavor | Version | Tinstall | Tcheck | Ttotal | Status | Flags | 
|---|---|---|---|---|---|---|
| r-devel-linux-x86_64-debian-clang | 0.2.1 | 2.42 | 29.47 | 31.89 | OK | |
| r-devel-linux-x86_64-debian-gcc | 0.2.1 | 1.77 | 23.92 | 25.69 | OK | |
| r-devel-linux-x86_64-fedora-clang | 0.2.1 | 46.85 | OK | |||
| r-devel-linux-x86_64-fedora-gcc | 0.2.1 | 43.18 | OK | |||
| r-devel-windows-x86_64 | 0.2.1 | 5.00 | 52.00 | 57.00 | OK | |
| r-patched-linux-x86_64 | 0.2.1 | 2.37 | 27.89 | 30.26 | OK | |
| r-release-linux-x86_64 | 0.2.1 | 2.46 | 28.17 | 30.63 | OK | |
| r-release-macos-arm64 | 0.2.1 | 2.00 | 24.00 | 26.00 | OK | |
| r-release-macos-x86_64 | 0.2.1 | 3.00 | 35.00 | 38.00 | OK | |
| r-release-windows-x86_64 | 0.2.1 | 5.00 | 52.00 | 57.00 | OK | |
| r-oldrel-macos-arm64 | 0.2.1 | 1.00 | 22.00 | 23.00 | NOTE | |
| r-oldrel-macos-x86_64 | 0.2.1 | 2.00 | 31.00 | 33.00 | NOTE | |
| r-oldrel-windows-x86_64 | 0.2.1 | 5.00 | 57.00 | 62.00 | NOTE | 
Version: 0.2.1
Check: LazyData
Result: NOTE
    'LazyData' is specified without a 'data' directory
Flavors: r-oldrel-macos-arm64, r-oldrel-macos-x86_64, r-oldrel-windows-x86_64