Last updated on 2025-10-31 13:50:52 CET.
| Flavor | Version | Tinstall | Tcheck | Ttotal | Status | Flags | 
|---|---|---|---|---|---|---|
| r-devel-linux-x86_64-debian-clang | 1.7 | 8.68 | 69.49 | 78.17 | NOTE | |
| r-devel-linux-x86_64-debian-gcc | 1.7 | 5.77 | 48.20 | 53.97 | NOTE | |
| r-devel-linux-x86_64-fedora-clang | 1.7 | 38.00 | 81.82 | 119.82 | NOTE | |
| r-devel-linux-x86_64-fedora-gcc | 1.7 | 19.00 | 86.55 | 105.55 | NOTE | |
| r-devel-windows-x86_64 | 1.7 | 10.00 | 75.00 | 85.00 | OK | |
| r-patched-linux-x86_64 | 1.7 | 7.94 | 61.97 | 69.91 | OK | |
| r-release-linux-x86_64 | 1.7 | 8.25 | 62.40 | 70.65 | OK | |
| r-release-macos-arm64 | 1.7 | 3.00 | 26.00 | 29.00 | OK | |
| r-release-macos-x86_64 | 1.7 | 5.00 | 45.00 | 50.00 | OK | |
| r-release-windows-x86_64 | 1.7 | 10.00 | 74.00 | 84.00 | OK | |
| r-oldrel-macos-arm64 | 1.7 | 4.00 | 27.00 | 31.00 | OK | |
| r-oldrel-macos-x86_64 | 1.7 | 5.00 | 39.00 | 44.00 | OK | |
| r-oldrel-windows-x86_64 | 1.7 | 14.00 | 92.00 | 106.00 | OK | 
Version: 1.7
Check: CRAN incoming feasibility
Result: NOTE
  Maintainer: ‘Luiz Henrique Keng Queiroz Junior <keng@ufg.br>’
  
  No Authors@R field in DESCRIPTION.
  Please add one, modifying
    Authors@R: c(person(given = c("Luiz", "Henrique", "Keng", "Queiroz"),
                        family = "Junior",
                        role = c("aut", "cre"),
                        email = "keng@ufg.br"),
                 person(given = c("Vitor", "Mendes"),
                        family = "de Oliveira",
                        role = "aut"))
  as necessary.
  
  The BugReports field in DESCRIPTION has
    https://github.com/vitor-mendes-iq/iSTATS
  which should likely be
    https://github.com/vitor-mendes-iq/iSTATS/issues
  instead.
Flavors: r-devel-linux-x86_64-debian-clang, r-devel-linux-x86_64-debian-gcc
Version: 1.7
Check: dependencies in R code
Result: NOTE
  Namespace in Imports field not imported from: ‘readr’
    All declared Imports should be used.
Flavors: r-devel-linux-x86_64-fedora-clang, r-devel-linux-x86_64-fedora-gcc