Last updated on 2025-10-31 13:50:52 CET.
| Flavor | Version | Tinstall | Tcheck | Ttotal | Status | Flags | 
|---|---|---|---|---|---|---|
| r-devel-linux-x86_64-debian-clang | 1.0.1 | 10.00 | 92.63 | 102.63 | NOTE | |
| r-devel-linux-x86_64-debian-gcc | 1.0.1 | 6.55 | 69.46 | 76.01 | NOTE | |
| r-devel-linux-x86_64-fedora-clang | 1.0.1 | 45.00 | 119.83 | 164.83 | OK | |
| r-devel-linux-x86_64-fedora-gcc | 1.0.1 | 82.00 | 98.25 | 180.25 | OK | |
| r-devel-windows-x86_64 | 1.0.1 | 12.00 | 110.00 | 122.00 | OK | |
| r-patched-linux-x86_64 | 1.0.1 | 8.54 | 89.33 | 97.87 | OK | |
| r-release-linux-x86_64 | 1.0.1 | 10.01 | 89.91 | 99.92 | OK | |
| r-release-macos-arm64 | 1.0.1 | 5.00 | 60.00 | 65.00 | OK | |
| r-release-macos-x86_64 | 1.0.1 | 8.00 | 96.00 | 104.00 | OK | |
| r-release-windows-x86_64 | 1.0.1 | 12.00 | 110.00 | 122.00 | OK | |
| r-oldrel-macos-arm64 | 1.0.1 | 4.00 | 53.00 | 57.00 | OK | |
| r-oldrel-macos-x86_64 | 1.0.1 | 12.00 | 107.00 | 119.00 | OK | |
| r-oldrel-windows-x86_64 | 1.0.1 | 15.00 | 136.00 | 151.00 | OK | 
Version: 1.0.1
Check: CRAN incoming feasibility
Result: NOTE
  Maintainer: ‘Paul C Boutros <pboutros@mednet.ucla.edu>’
  
  No Authors@R field in DESCRIPTION.
  Please add one, modifying
    Authors@R: c(person(given = "Natalie",
                        family = "Fox",
                        role = "aut"),
                 person(given = c("Paul", "C"),
                        family = "Boutros",
                        role = "cre",
                        email = "pboutros@mednet.ucla.edu"))
  as necessary.
Flavors: r-devel-linux-x86_64-debian-clang, r-devel-linux-x86_64-debian-gcc