Last updated on 2025-10-31 13:50:52 CET.
| Flavor | Version | Tinstall | Tcheck | Ttotal | Status | Flags | 
|---|---|---|---|---|---|---|
| r-devel-linux-x86_64-debian-clang | 2.0.16 | 61.17 | 130.47 | 191.64 | NOTE | |
| r-devel-linux-x86_64-debian-gcc | 2.0.16 | 45.78 | 96.85 | 142.63 | NOTE | |
| r-devel-linux-x86_64-fedora-clang | 2.0.16 | 246.00 | 84.70 | 330.70 | OK | |
| r-devel-linux-x86_64-fedora-gcc | 2.0.16 | 165.00 | 170.71 | 335.71 | OK | |
| r-devel-windows-x86_64 | 2.0.16 | 62.00 | 260.00 | 322.00 | OK | |
| r-patched-linux-x86_64 | 2.0.16 | 65.03 | 130.23 | 195.26 | OK | |
| r-release-linux-x86_64 | 2.0.16 | 67.10 | 131.40 | 198.50 | OK | |
| r-release-macos-arm64 | 2.0.16 | 25.00 | 81.00 | 106.00 | OK | |
| r-release-macos-x86_64 | 2.0.16 | 50.00 | 150.00 | 200.00 | OK | |
| r-release-windows-x86_64 | 2.0.16 | 64.00 | 261.00 | 325.00 | OK | |
| r-oldrel-macos-arm64 | 2.0.16 | 25.00 | 69.00 | 94.00 | NOTE | |
| r-oldrel-macos-x86_64 | 2.0.16 | 38.00 | 125.00 | 163.00 | NOTE | |
| r-oldrel-windows-x86_64 | 2.0.16 | 79.00 | 305.00 | 384.00 | OK | 
Version: 2.0.16
Check: CRAN incoming feasibility
Result: NOTE
  Maintainer: ‘Clifford Anderson-Bergman <pistacliffcho@gmail.com>’
  
  No Authors@R field in DESCRIPTION.
  Please add one, modifying
    Authors@R: person(given = "Clifford",
                      family = "Anderson-Bergman",
                      role = c("aut", "cre"),
                      email = "pistacliffcho@gmail.com")
  as necessary.
Flavors: r-devel-linux-x86_64-debian-clang, r-devel-linux-x86_64-debian-gcc
Version: 2.0.16
Check: installed package size
Result: NOTE
    installed size is 19.3Mb
    sub-directories of 1Mb or more:
      libs  17.8Mb
Flavors: r-oldrel-macos-arm64, r-oldrel-macos-x86_64