Last updated on 2025-10-31 13:50:52 CET.
| Flavor | Version | Tinstall | Tcheck | Ttotal | Status | Flags | 
|---|---|---|---|---|---|---|
| r-devel-linux-x86_64-debian-clang | 2.1.1 | 1.25 | 22.03 | 23.28 | NOTE | |
| r-devel-linux-x86_64-debian-gcc | 2.1.1 | 1.53 | 18.23 | 19.76 | NOTE | |
| r-devel-linux-x86_64-fedora-clang | 2.1.1 | 37.14 | NOTE | |||
| r-devel-linux-x86_64-fedora-gcc | 2.1.1 | 20.00 | 15.40 | 35.40 | NOTE | |
| r-devel-windows-x86_64 | 2.1.1 | 2.00 | 42.00 | 44.00 | NOTE | |
| r-patched-linux-x86_64 | 2.1.1 | 2.28 | 20.78 | 23.06 | NOTE | |
| r-release-linux-x86_64 | 2.1.1 | 1.99 | 20.87 | 22.86 | NOTE | |
| r-release-macos-arm64 | 2.1.1 | 1.00 | 15.00 | 16.00 | NOTE | |
| r-release-macos-x86_64 | 2.1.1 | 2.00 | 22.00 | 24.00 | NOTE | |
| r-release-windows-x86_64 | 2.1.1 | 2.00 | 47.00 | 49.00 | NOTE | |
| r-oldrel-macos-arm64 | 2.1.1 | 1.00 | 14.00 | 15.00 | NOTE | |
| r-oldrel-macos-x86_64 | 2.1.1 | 2.00 | 21.00 | 23.00 | NOTE | |
| r-oldrel-windows-x86_64 | 2.1.1 | 4.00 | 42.00 | 46.00 | NOTE | 
Version: 2.1.1
Check: Rd files
Result: NOTE
  checkRd: (-1) Bpa.Rd:39-40: Lost braces
      39 | stocks. \doi{10.17895/ices.pub.3036}{\emph{ICES Advice
         |                                     ^
  checkRd: (-1) Fpa.Rd:42-43: Lost braces
      42 | stocks. \doi{10.17895/ices.pub.3036}{\emph{ICES Advice
         |                                     ^
  checkRd: (-1) gss.Rd:9-15: Only 2 columns allowed in this table (row 4 has 1)
  checkRd: (-1) icesRound.Rd:64-65: Lost braces
      64 | \doi{10.17895/ices.pub.3038}{\emph{ICES Advice Technical
         |                             ^
  checkRd: (-1) mohn.Rd:71-72: Lost braces
      71 | \doi{10.17895/ices.pub.5997}{\emph{ICES Scientific Reports
         |                             ^
Flavors: r-devel-linux-x86_64-debian-clang, r-devel-linux-x86_64-debian-gcc, r-devel-linux-x86_64-fedora-clang, r-devel-linux-x86_64-fedora-gcc
Version: 2.1.1
Check: Rd files
Result: NOTE
  checkRd: (-1) Bpa.Rd:39-40: Lost braces
      39 | stocks. \doi{10.17895/ices.pub.3036}{\emph{ICES Advice
         |                                     ^
  checkRd: (-1) Fpa.Rd:42-43: Lost braces
      42 | stocks. \doi{10.17895/ices.pub.3036}{\emph{ICES Advice
         |                                     ^
  checkRd: (-1) icesRound.Rd:64-65: Lost braces
      64 | \doi{10.17895/ices.pub.3038}{\emph{ICES Advice Technical
         |                             ^
  checkRd: (-1) mohn.Rd:71-72: Lost braces
      71 | \doi{10.17895/ices.pub.5997}{\emph{ICES Scientific Reports
         |                             ^
Flavors: r-devel-windows-x86_64, r-patched-linux-x86_64, r-release-linux-x86_64, r-release-macos-arm64, r-release-macos-x86_64, r-release-windows-x86_64, r-oldrel-macos-arm64, r-oldrel-macos-x86_64, r-oldrel-windows-x86_64