Last updated on 2025-10-31 13:50:52 CET.
| Flavor | Version | Tinstall | Tcheck | Ttotal | Status | Flags | 
|---|---|---|---|---|---|---|
| r-devel-linux-x86_64-debian-clang | 0.2-2 | 2.21 | 17.68 | 19.89 | OK | |
| r-devel-linux-x86_64-debian-gcc | 0.2-2 | 1.84 | 15.25 | 17.09 | OK | |
| r-devel-linux-x86_64-fedora-clang | 0.2-2 | 30.31 | OK | |||
| r-devel-linux-x86_64-fedora-gcc | 0.2-2 | 26.67 | OK | |||
| r-patched-linux-x86_64 | 0.2-2 | 2.07 | 16.66 | 18.73 | OK | |
| r-release-linux-x86_64 | 0.2-2 | 1.94 | 16.71 | 18.65 | OK | |
| r-release-macos-arm64 | 0.2-2 | 3.00 | 12.00 | 15.00 | NOTE | |
| r-release-macos-x86_64 | 0.2-2 | 4.00 | 19.00 | 23.00 | OK | |
| r-oldrel-macos-arm64 | 0.2-2 | 2.00 | 14.00 | 16.00 | OK | |
| r-oldrel-macos-x86_64 | 0.2-2 | 3.00 | 18.00 | 21.00 | OK | 
Version: 0.2-2
Check: differences from ‘ieeeround-Ex.Rout’ to ‘ieeeround-Ex.Rout.save’
Result: NOTE
  19c19
  < [1] 2048
  ---
  > [1] 0
  22c22
  < [1] 1024
  ---
  > [1] 0
  25c25
  < [1] FALSE
  ---
  > [1] TRUE
Flavor: r-release-macos-arm64