Last updated on 2025-10-31 13:50:52 CET.
| Flavor | Version | Tinstall | Tcheck | Ttotal | Status | Flags | 
|---|---|---|---|---|---|---|
| r-devel-linux-x86_64-debian-clang | 0.5.1 | 32.34 | 32.26 | 64.60 | NOTE | |
| r-devel-linux-x86_64-debian-gcc | 0.5.1 | 23.07 | 26.40 | 49.47 | NOTE | |
| r-devel-linux-x86_64-fedora-clang | 0.5.1 | 130.00 | -2.99 | 127.01 | NOTE | |
| r-devel-linux-x86_64-fedora-gcc | 0.5.1 | 83.00 | 27.84 | 110.84 | NOTE | |
| r-devel-windows-x86_64 | 0.5.1 | 35.00 | 65.00 | 100.00 | NOTE | |
| r-patched-linux-x86_64 | 0.5.1 | 33.92 | 31.36 | 65.28 | NOTE | |
| r-release-linux-x86_64 | 0.5.1 | 35.23 | 31.39 | 66.62 | NOTE | |
| r-release-macos-arm64 | 0.5.1 | 13.00 | 19.00 | 32.00 | NOTE | |
| r-release-macos-x86_64 | 0.5.1 | 14.00 | 29.00 | 43.00 | NOTE | |
| r-release-windows-x86_64 | 0.5.1 | 38.00 | 68.00 | 106.00 | NOTE | |
| r-oldrel-macos-arm64 | 0.5.1 | 14.00 | 19.00 | 33.00 | NOTE | |
| r-oldrel-macos-x86_64 | 0.5.1 | 15.00 | 25.00 | 40.00 | NOTE | |
| r-oldrel-windows-x86_64 | 0.5.1 | 38.00 | 77.00 | 115.00 | NOTE | 
Version: 0.5.1
Check: C++ specification
Result: NOTE
    Specified C++11: please drop specification unless essential
Flavors: r-devel-linux-x86_64-debian-clang, r-devel-linux-x86_64-debian-gcc, r-devel-linux-x86_64-fedora-clang, r-devel-linux-x86_64-fedora-gcc, r-devel-windows-x86_64, r-patched-linux-x86_64, r-release-linux-x86_64, r-release-macos-arm64, r-release-macos-x86_64, r-release-windows-x86_64, r-oldrel-macos-arm64, r-oldrel-macos-x86_64, r-oldrel-windows-x86_64
Version: 0.5.1
Check: Rd files
Result: NOTE
  checkRd: (-1) imptree_params.Rd:26-27: Lost braces in \itemize; meant \describe ?
  checkRd: (-1) imptree_params.Rd:28-29: Lost braces in \itemize; meant \describe ?
  checkRd: (-1) imptree_params.Rd:30-31: Lost braces in \itemize; meant \describe ?
  checkRd: (-1) predict.imptree.Rd:42: Lost braces in \itemize; \value handles \item{}{} directly
  checkRd: (-1) predict.imptree.Rd:43: Lost braces in \itemize; \value handles \item{}{} directly
  checkRd: (-1) predict.imptree.Rd:44: Lost braces in \itemize; \value handles \item{}{} directly
  checkRd: (-1) predict.imptree.Rd:45-46: Lost braces in \itemize; \value handles \item{}{} directly
  checkRd: (-1) predict.imptree.Rd:47-48: Lost braces in \itemize; \value handles \item{}{} directly
  checkRd: (-1) predict.imptree.Rd:49: Lost braces in \itemize; \value handles \item{}{} directly
  checkRd: (-1) predict.imptree.Rd:50: Lost braces in \itemize; \value handles \item{}{} directly
  checkRd: (-1) predict.imptree.Rd:51: Lost braces in \itemize; \value handles \item{}{} directly
Flavors: r-devel-linux-x86_64-debian-clang, r-devel-linux-x86_64-debian-gcc, r-devel-linux-x86_64-fedora-clang, r-devel-linux-x86_64-fedora-gcc, r-devel-windows-x86_64, r-patched-linux-x86_64, r-release-linux-x86_64, r-release-macos-arm64, r-release-macos-x86_64, r-release-windows-x86_64, r-oldrel-macos-arm64, r-oldrel-macos-x86_64, r-oldrel-windows-x86_64