CRAN Package Check Results for Package independenceWeights

Last updated on 2025-07-09 12:49:40 CEST.

Flavor Version Tinstall Tcheck Ttotal Status Flags
r-devel-linux-x86_64-debian-clang 0.0.1 6.22 56.57 62.79 NOTE
r-devel-linux-x86_64-debian-gcc 0.0.1 4.66 43.26 47.92 NOTE
r-devel-linux-x86_64-fedora-clang 0.0.1 94.74 OK
r-devel-linux-x86_64-fedora-gcc 0.0.1 85.02 OK
r-devel-windows-x86_64 0.0.1 7.00 72.00 79.00 OK
r-patched-linux-x86_64 0.0.1 6.68 53.67 60.35 OK
r-release-linux-x86_64 0.0.1 7.14 53.19 60.33 OK
r-release-macos-arm64 0.0.1 34.00 OK
r-release-macos-x86_64 0.0.1 56.00 OK
r-release-windows-x86_64 0.0.1 7.00 72.00 79.00 OK
r-oldrel-macos-arm64 0.0.1 31.00 OK
r-oldrel-macos-x86_64 0.0.1 44.00 OK
r-oldrel-windows-x86_64 0.0.1 10.00 84.00 94.00 OK

Check Details

Version: 0.0.1
Check: CRAN incoming feasibility
Result: NOTE Maintainer: ‘Jared Huling <jaredhuling@gmail.com>’ The Description field contains proposed in Huling, Greifer, and Chen (2021) <arxiv:2107.07086>. Please refer to arXiv e-prints via their arXiv DOI <doi:10.48550/arXiv.YYMM.NNNNN>. Flavors: r-devel-linux-x86_64-debian-clang, r-devel-linux-x86_64-debian-gcc