Last updated on 2024-05-28 12:56:18 CEST.
Flavor | Version | Tinstall | Tcheck | Ttotal | Status | Flags |
---|---|---|---|---|---|---|
r-devel-linux-x86_64-debian-clang | 3.0.4 | 10.22 | 58.86 | 69.08 | OK | |
r-devel-linux-x86_64-debian-gcc | 3.0.4 | 6.27 | 43.59 | 49.86 | OK | |
r-devel-linux-x86_64-fedora-clang | 3.0.4 | 84.13 | NOTE | |||
r-devel-linux-x86_64-fedora-gcc | 3.0.4 | 92.63 | NOTE | |||
r-devel-windows-x86_64 | 3.0.4 | 8.00 | 68.00 | 76.00 | OK | |
r-patched-linux-x86_64 | 3.0.4 | 9.50 | 57.08 | 66.58 | OK | |
r-release-linux-x86_64 | 3.0.4 | 7.72 | 56.47 | 64.19 | OK | |
r-release-macos-arm64 | 3.0.4 | 29.00 | OK | |||
r-release-windows-x86_64 | 3.0.4 | 8.00 | 66.00 | 74.00 | OK | |
r-oldrel-macos-arm64 | 3.0.4 | 33.00 | OK | |||
r-oldrel-macos-x86_64 | 3.0.4 | 50.00 | OK | |||
r-oldrel-windows-x86_64 | 3.0.4 | 10.00 | 74.00 | 84.00 | OK |
Version: 3.0.4
Check: dependencies in R code
Result: NOTE
Namespace in Imports field not imported from: ‘splines2’
All declared Imports should be used.
Flavors: r-devel-linux-x86_64-fedora-clang, r-devel-linux-x86_64-fedora-gcc