Last updated on 2024-05-27 02:48:06 CEST.
Flavor | Version | Tinstall | Tcheck | Ttotal | Status | Flags |
---|---|---|---|---|---|---|
r-devel-linux-x86_64-debian-clang | 0.2.9 | 254.92 | 234.49 | 489.41 | OK | |
r-devel-linux-x86_64-debian-gcc | 0.2.9 | 183.46 | 166.04 | 349.50 | OK | |
r-devel-linux-x86_64-fedora-clang | 0.2.9 | 651.89 | OK | |||
r-devel-linux-x86_64-fedora-gcc | 0.2.9 | 692.87 | OK | |||
r-devel-windows-x86_64 | 0.2.9 | 177.00 | 204.00 | 381.00 | OK | |
r-patched-linux-x86_64 | 0.2.9 | 225.17 | 217.49 | 442.66 | OK | |
r-release-linux-x86_64 | 0.2.9 | 223.67 | 214.82 | 438.49 | OK | |
r-release-macos-arm64 | 0.2.9 | 117.00 | NOTE | |||
r-release-macos-x86_64 | 0.2.9 | 318.00 | NOTE | |||
r-release-windows-x86_64 | 0.2.9 | 179.00 | 201.00 | 380.00 | OK | |
r-oldrel-macos-arm64 | 0.2.9 | 138.00 | NOTE | |||
r-oldrel-macos-x86_64 | 0.2.9 | 325.00 | NOTE | |||
r-oldrel-windows-x86_64 | 0.2.9 | 173.00 | 267.00 | 440.00 | OK |
Version: 0.2.9
Check: installed package size
Result: NOTE
installed size is 9.8Mb
sub-directories of 1Mb or more:
libs 8.1Mb
Flavors: r-release-macos-arm64, r-release-macos-x86_64, r-oldrel-macos-arm64, r-oldrel-macos-x86_64