Last updated on 2025-10-31 13:50:52 CET.
| Flavor | Version | Tinstall | Tcheck | Ttotal | Status | Flags | 
|---|---|---|---|---|---|---|
| r-devel-linux-x86_64-debian-clang | 0.1.0 | 1.33 | 20.41 | 21.74 | NOTE | |
| r-devel-linux-x86_64-debian-gcc | 0.1.0 | 1.28 | 17.15 | 18.43 | NOTE | |
| r-devel-linux-x86_64-fedora-clang | 0.1.0 | 31.49 | NOTE | |||
| r-devel-linux-x86_64-fedora-gcc | 0.1.0 | 27.37 | NOTE | |||
| r-devel-windows-x86_64 | 0.1.0 | 3.00 | 40.00 | 43.00 | NOTE | |
| r-patched-linux-x86_64 | 0.1.0 | 1.48 | 18.51 | 19.99 | NOTE | |
| r-release-linux-x86_64 | 0.1.0 | 1.61 | 18.17 | 19.78 | NOTE | |
| r-release-macos-arm64 | 0.1.0 | 1.00 | 12.00 | 13.00 | NOTE | |
| r-release-macos-x86_64 | 0.1.0 | 2.00 | 21.00 | 23.00 | NOTE | |
| r-release-windows-x86_64 | 0.1.0 | 4.00 | 44.00 | 48.00 | NOTE | |
| r-oldrel-macos-arm64 | 0.1.0 | 1.00 | 13.00 | 14.00 | NOTE | |
| r-oldrel-macos-x86_64 | 0.1.0 | 1.00 | 18.00 | 19.00 | NOTE | |
| r-oldrel-windows-x86_64 | 0.1.0 | 3.00 | 41.00 | 44.00 | NOTE | 
Version: 0.1.0
Check: CRAN incoming feasibility
Result: NOTE
  Maintainer: ‘Rebecca Steorts <beka@stat.duke.edu>’
  
  Found the following \keyword or \concept entries
  which likely give several index terms:
    File ‘italy08.Rd’:
      \keyword{datasets,}
      \keyword{linkage,}
    File ‘italy10.Rd’:
      \keyword{datasets,}
      \keyword{linkage,}
Flavors: r-devel-linux-x86_64-debian-clang, r-devel-linux-x86_64-debian-gcc
Version: 0.1.0
Check: Rd files
Result: NOTE
  checkRd: (-1) italy08.Rd:7: Lost braces
       7 | \format{A data frame with 11 variables: \code{parent}, \code{sex}, \code{anasc}, \code{nascreg}, ' \code{cit}, \code{acom4c}, \code{studio}, code{q}, code{qual}, code{sett}, code{ireg}. There is an additional variable \code{id} that is the unique identifier for the data set.
         |                                                                                                                                                  ^
  checkRd: (-1) italy08.Rd:7: Lost braces
       7 | \format{A data frame with 11 variables: \code{parent}, \code{sex}, \code{anasc}, \code{nascreg}, ' \code{cit}, \code{acom4c}, \code{studio}, code{q}, code{qual}, code{sett}, code{ireg}. There is an additional variable \code{id} that is the unique identifier for the data set.
         |                                                                                                                                                           ^
  checkRd: (-1) italy08.Rd:7: Lost braces
       7 | \format{A data frame with 11 variables: \code{parent}, \code{sex}, \code{anasc}, \code{nascreg}, ' \code{cit}, \code{acom4c}, \code{studio}, code{q}, code{qual}, code{sett}, code{ireg}. There is an additional variable \code{id} that is the unique identifier for the data set.
         |                                                                                                                                                                       ^
  checkRd: (-1) italy08.Rd:7: Lost braces
       7 | \format{A data frame with 11 variables: \code{parent}, \code{sex}, \code{anasc}, \code{nascreg}, ' \code{cit}, \code{acom4c}, \code{studio}, code{q}, code{qual}, code{sett}, code{ireg}. There is an additional variable \code{id} that is the unique identifier for the data set.
         |                                                                                                                                                                                   ^
  checkRd: (-1) italy10.Rd:7: Lost braces
       7 | \format{A data frame with 11 variables: \code{parent}, \code{sex}, \code{anasc}, \code{nascreg}, ' \code{cit}, \code{acom4c}, \code{studio}, code{q}, code{qual}, code{sett}, code{ireg}. There is an additional variable \code{id} that is the unique identifier for the data set.
         |                                                                                                                                                  ^
  checkRd: (-1) italy10.Rd:7: Lost braces
       7 | \format{A data frame with 11 variables: \code{parent}, \code{sex}, \code{anasc}, \code{nascreg}, ' \code{cit}, \code{acom4c}, \code{studio}, code{q}, code{qual}, code{sett}, code{ireg}. There is an additional variable \code{id} that is the unique identifier for the data set.
         |                                                                                                                                                           ^
  checkRd: (-1) italy10.Rd:7: Lost braces
       7 | \format{A data frame with 11 variables: \code{parent}, \code{sex}, \code{anasc}, \code{nascreg}, ' \code{cit}, \code{acom4c}, \code{studio}, code{q}, code{qual}, code{sett}, code{ireg}. There is an additional variable \code{id} that is the unique identifier for the data set.
         |                                                                                                                                                                       ^
  checkRd: (-1) italy10.Rd:7: Lost braces
       7 | \format{A data frame with 11 variables: \code{parent}, \code{sex}, \code{anasc}, \code{nascreg}, ' \code{cit}, \code{acom4c}, \code{studio}, code{q}, code{qual}, code{sett}, code{ireg}. There is an additional variable \code{id} that is the unique identifier for the data set.
         |                                                                                                                                                                                   ^
Flavors: r-devel-linux-x86_64-debian-clang, r-devel-linux-x86_64-debian-gcc, r-devel-linux-x86_64-fedora-clang, r-devel-linux-x86_64-fedora-gcc, r-devel-windows-x86_64, r-patched-linux-x86_64, r-release-linux-x86_64, r-release-macos-arm64, r-release-macos-x86_64, r-release-windows-x86_64, r-oldrel-macos-arm64, r-oldrel-macos-x86_64, r-oldrel-windows-x86_64