Last updated on 2025-10-31 13:50:52 CET.
| Flavor | Version | Tinstall | Tcheck | Ttotal | Status | Flags | 
|---|---|---|---|---|---|---|
| r-devel-linux-x86_64-debian-clang | 2.4.1 | 13.30 | 109.29 | 122.59 | NOTE | |
| r-devel-linux-x86_64-debian-gcc | 2.4.1 | 8.28 | 75.75 | 84.03 | NOTE | |
| r-devel-linux-x86_64-fedora-clang | 2.4.1 | 40.00 | 148.22 | 188.22 | OK | |
| r-devel-linux-x86_64-fedora-gcc | 2.4.1 | 28.00 | 283.29 | 311.29 | OK | |
| r-devel-windows-x86_64 | 2.4.1 | 14.00 | 123.00 | 137.00 | NOTE | |
| r-patched-linux-x86_64 | 2.4.1 | 13.54 | 103.02 | 116.56 | NOTE | |
| r-release-linux-x86_64 | 2.4.1 | 13.35 | 103.61 | 116.96 | NOTE | |
| r-release-macos-arm64 | 2.4.1 | 6.00 | 125.00 | 131.00 | OK | |
| r-release-macos-x86_64 | 2.4.1 | 18.00 | 317.00 | 335.00 | OK | |
| r-release-windows-x86_64 | 2.4.1 | 13.00 | 126.00 | 139.00 | NOTE | |
| r-oldrel-macos-arm64 | 2.4.1 | 5.00 | 106.00 | 111.00 | OK | |
| r-oldrel-macos-x86_64 | 2.4.1 | 12.00 | 161.00 | 173.00 | OK | |
| r-oldrel-windows-x86_64 | 2.4.1 | 19.00 | 163.00 | 182.00 | OK | 
Version: 2.4.1
Check: Rd cross-references
Result: NOTE
  Found the following Rd file(s) with Rd \link{} targets missing package
  anchors:
    fvisgam.Rd: gradientLegend
    plot_diff2.Rd: gradientLegend
    plot_parametric.Rd: dotplot_error
    plot_pca_surface.Rd: gradientLegend
    plot_topo.Rd: gradientLegend
    pvisgam.Rd: gradientLegend
  Please provide package anchors for all Rd \link{} targets not in the
  package itself and the base packages.
Flavors: r-devel-linux-x86_64-debian-clang, r-devel-linux-x86_64-debian-gcc, r-devel-windows-x86_64, r-patched-linux-x86_64, r-release-linux-x86_64, r-release-windows-x86_64