Last updated on 2025-10-31 13:50:52 CET.
| Flavor | Version | Tinstall | Tcheck | Ttotal | Status | Flags | 
|---|---|---|---|---|---|---|
| r-devel-linux-x86_64-debian-clang | 6.1.0 | 216.89 | 302.36 | 519.25 | OK | |
| r-devel-linux-x86_64-debian-gcc | 6.1.0 | 162.70 | 188.73 | 351.43 | OK | |
| r-devel-linux-x86_64-fedora-clang | 6.1.0 | 304.00 | 503.13 | 807.13 | OK | |
| r-devel-linux-x86_64-fedora-gcc | 6.1.0 | 313.00 | 517.93 | 830.93 | OK | |
| r-devel-windows-x86_64 | 6.1.0 | 221.00 | 343.00 | 564.00 | OK | |
| r-patched-linux-x86_64 | 6.1.0 | 212.29 | 284.17 | 496.46 | OK | |
| r-release-linux-x86_64 | 6.1.0 | 220.53 | 286.59 | 507.12 | OK | |
| r-release-macos-arm64 | 6.1.0 | 120.00 | 126.00 | 246.00 | OK | |
| r-release-macos-x86_64 | 6.1.0 | 97.00 | 231.00 | 328.00 | OK | |
| r-release-windows-x86_64 | 6.1.0 | 224.00 | 340.00 | 564.00 | OK | |
| r-oldrel-macos-arm64 | 6.1.0 | 94.00 | 104.00 | 198.00 | NOTE | |
| r-oldrel-macos-x86_64 | 6.1.0 | 126.00 | 261.00 | 387.00 | NOTE | |
| r-oldrel-windows-x86_64 | 6.1.0 | 269.00 | 480.00 | 749.00 | OK | 
Version: 6.1.0
Check: installed package size
Result: NOTE
    installed size is 35.7Mb
    sub-directories of 1Mb or more:
      libs  35.2Mb
Flavors: r-oldrel-macos-arm64, r-oldrel-macos-x86_64