Last updated on 2025-11-01 00:50:01 CET.
| Flavor | Version | Tinstall | Tcheck | Ttotal | Status | Flags |
|---|---|---|---|---|---|---|
| r-devel-linux-x86_64-debian-clang | 1.3.17 | 3.44 | 54.17 | 57.61 | OK | |
| r-devel-linux-x86_64-debian-gcc | 1.3.17 | 2.56 | 38.19 | 40.75 | OK | |
| r-devel-linux-x86_64-fedora-clang | 1.3.17 | 85.55 | OK | |||
| r-devel-linux-x86_64-fedora-gcc | 1.3.17 | 28.00 | 62.49 | 90.49 | OK | |
| r-devel-windows-x86_64 | 1.3.17 | 5.00 | 69.00 | 74.00 | OK | |
| r-patched-linux-x86_64 | 1.3.17 | 3.94 | 49.81 | 53.75 | OK | |
| r-release-linux-x86_64 | 1.3.17 | 3.09 | 50.48 | 53.57 | OK | |
| r-release-macos-arm64 | 1.3.17 | 2.00 | 23.00 | 25.00 | OK | |
| r-release-macos-x86_64 | 1.3.17 | 3.00 | 44.00 | 47.00 | OK | |
| r-release-windows-x86_64 | 1.3.17 | 6.00 | 70.00 | 76.00 | OK | |
| r-oldrel-macos-arm64 | 1.3.17 | 2.00 | 24.00 | 26.00 | NOTE | |
| r-oldrel-macos-x86_64 | 1.3.17 | 3.00 | 42.00 | 45.00 | NOTE | |
| r-oldrel-windows-x86_64 | 1.3.17 | 6.00 | 90.00 | 96.00 | OK |
Version: 1.3.17
Check: package dependencies
Result: NOTE
Packages suggested but not available for checking: 'lfa', 'gcatest'
Flavors: r-oldrel-macos-arm64, r-oldrel-macos-x86_64