Last updated on 2024-05-28 12:56:19 CEST.
Flavor | Version | Tinstall | Tcheck | Ttotal | Status | Flags |
---|---|---|---|---|---|---|
r-devel-linux-x86_64-debian-clang | 2.0.0 | 10.09 | 75.07 | 85.16 | OK | |
r-devel-linux-x86_64-debian-gcc | 2.0.0 | 7.40 | 56.89 | 64.29 | OK | |
r-devel-linux-x86_64-fedora-clang | 2.0.0 | 105.74 | NOTE | |||
r-devel-linux-x86_64-fedora-gcc | 2.0.0 | 101.25 | NOTE | |||
r-devel-windows-x86_64 | 2.0.0 | 10.00 | 78.00 | 88.00 | OK | |
r-patched-linux-x86_64 | 2.0.0 | 7.48 | 73.74 | 81.22 | OK | |
r-release-linux-x86_64 | 2.0.0 | 6.15 | 70.82 | 76.97 | OK | |
r-release-macos-arm64 | 2.0.0 | 32.00 | OK | |||
r-release-windows-x86_64 | 2.0.0 | 10.00 | 80.00 | 90.00 | OK | |
r-oldrel-macos-arm64 | 2.0.0 | 33.00 | OK | |||
r-oldrel-macos-x86_64 | 2.0.0 | 50.00 | OK | |||
r-oldrel-windows-x86_64 | 2.0.0 | 12.00 | 92.00 | 104.00 | OK |
Version: 2.0.0
Check: dependencies in R code
Result: NOTE
Namespaces in Imports field not imported from:
‘grid’ ‘mcmcplots’ ‘tidyverse’
All declared Imports should be used.
Flavors: r-devel-linux-x86_64-fedora-clang, r-devel-linux-x86_64-fedora-gcc