Last updated on 2025-11-27 13:48:39 CET.
| Flavor | Version | Tinstall | Tcheck | Ttotal | Status | Flags |
|---|---|---|---|---|---|---|
| r-devel-linux-x86_64-debian-clang | 1.0.4 | 4.81 | 45.35 | 50.16 | OK | |
| r-devel-linux-x86_64-debian-gcc | 1.1.1 | 2.98 | 35.02 | 38.00 | OK | |
| r-devel-linux-x86_64-fedora-clang | 1.1.1 | 22.00 | 63.02 | 85.02 | OK | |
| r-devel-linux-x86_64-fedora-gcc | 1.1.1 | 15.00 | 80.41 | 95.41 | OK | |
| r-devel-windows-x86_64 | 1.0.4 | 9.00 | 63.00 | 72.00 | OK | |
| r-patched-linux-x86_64 | 1.0.4 | 4.16 | 41.21 | 45.37 | OK | |
| r-release-linux-x86_64 | 1.0.4 | 4.44 | 40.95 | 45.39 | OK | |
| r-release-macos-arm64 | 1.1.1 | 1.00 | 17.00 | 18.00 | OK | |
| r-release-macos-x86_64 | 1.1.1 | 6.00 | 100.00 | 106.00 | OK | |
| r-release-windows-x86_64 | 1.0.4 | 7.00 | 64.00 | 71.00 | OK | |
| r-oldrel-macos-arm64 | 1.1.1 | 1.00 | 22.00 | 23.00 | NOTE | |
| r-oldrel-macos-x86_64 | 1.1.1 | 8.00 | 106.00 | 114.00 | NOTE | |
| r-oldrel-windows-x86_64 | 1.0.4 | 8.00 | 72.00 | 80.00 | NOTE |
Version: 1.1.1
Check: package dependencies
Result: NOTE
Package suggested but not available for checking: ‘clonevol’
Flavors: r-oldrel-macos-arm64, r-oldrel-macos-x86_64
Version: 1.0.4
Check: package dependencies
Result: NOTE
Package suggested but not available for checking: 'clonevol'
Flavor: r-oldrel-windows-x86_64