Last updated on 2025-10-31 13:50:52 CET.
| Flavor | Version | Tinstall | Tcheck | Ttotal | Status | Flags | 
|---|---|---|---|---|---|---|
| r-devel-linux-x86_64-debian-clang | 2.6.0 | 4.81 | 42.90 | 47.71 | OK | |
| r-devel-linux-x86_64-debian-gcc | 2.6.0 | 3.36 | 33.26 | 36.62 | OK | |
| r-devel-linux-x86_64-fedora-clang | 2.6.0 | 12.00 | 55.24 | 67.24 | OK | |
| r-devel-linux-x86_64-fedora-gcc | 2.6.0 | 11.00 | 54.31 | 65.31 | OK | |
| r-devel-windows-x86_64 | 2.6.0 | 17.00 | 75.00 | 92.00 | OK | |
| r-patched-linux-x86_64 | 2.6.0 | 4.88 | 39.61 | 44.49 | OK | |
| r-release-linux-x86_64 | 2.6.0 | 4.75 | 39.66 | 44.41 | OK | |
| r-release-macos-arm64 | 2.6.0 | 3.00 | 28.00 | 31.00 | OK | |
| r-release-macos-x86_64 | 2.6.0 | 5.00 | 40.00 | 45.00 | OK | |
| r-release-windows-x86_64 | 2.6.0 | 20.00 | 65.00 | 85.00 | OK | |
| r-oldrel-macos-arm64 | 2.6.0 | 3.00 | 26.00 | 29.00 | NOTE | |
| r-oldrel-macos-x86_64 | 2.6.0 | 5.00 | 33.00 | 38.00 | NOTE | |
| r-oldrel-windows-x86_64 | 2.6.0 | 18.00 | 75.00 | 93.00 | OK | 
Version: 2.6.0
Check: installed package size
Result: NOTE
    installed size is  6.7Mb
    sub-directories of 1Mb or more:
      examples      2.8Mb
      htmlwidgets   1.1Mb
      www           2.7Mb
Flavors: r-oldrel-macos-arm64, r-oldrel-macos-x86_64