Last updated on 2025-10-31 13:50:53 CET.
| Flavor | Version | Tinstall | Tcheck | Ttotal | Status | Flags | 
|---|---|---|---|---|---|---|
| r-devel-linux-x86_64-debian-clang | 0.1.9 | 9.09 | 600.39 | 609.48 | NOTE | |
| r-devel-linux-x86_64-debian-gcc | 0.1.9 | 6.29 | 311.28 | 317.57 | NOTE | |
| r-devel-linux-x86_64-fedora-clang | 0.1.9 | 42.00 | 1021.31 | 1063.31 | NOTE | |
| r-devel-linux-x86_64-fedora-gcc | 0.1.9 | 48.00 | 985.97 | 1033.97 | NOTE | |
| r-devel-windows-x86_64 | 0.1.9 | 10.00 | 505.00 | 515.00 | NOTE | |
| r-patched-linux-x86_64 | 0.1.9 | 9.28 | 553.47 | 562.75 | NOTE | |
| r-release-linux-x86_64 | 0.1.9 | 7.50 | 560.08 | 567.58 | NOTE | |
| r-release-macos-arm64 | 0.1.9 | 4.00 | 178.00 | 182.00 | NOTE | |
| r-release-macos-x86_64 | 0.1.9 | 8.00 | 419.00 | 427.00 | NOTE | |
| r-release-windows-x86_64 | 0.1.9 | 12.00 | 512.00 | 524.00 | NOTE | |
| r-oldrel-macos-arm64 | 0.1.9 | 5.00 | 98.00 | 103.00 | OK | |
| r-oldrel-macos-x86_64 | 0.1.9 | 9.00 | 216.00 | 225.00 | OK | |
| r-oldrel-windows-x86_64 | 0.1.9 | 12.00 | 332.00 | 344.00 | OK | 
Version: 0.1.9
Check: DESCRIPTION meta-information
Result: NOTE
    Missing dependency on R >= 4.1.0 because package code uses the pipe
    |> or function shorthand \(...) syntax added in R 4.1.0.
    File(s) using such syntax:
      ‘as_base_data_frame.R’ ‘as_base_data_frame2.R’
      ‘as_labeled_data_frame.R’ ‘irregular2.R’
Flavors: r-devel-linux-x86_64-debian-clang, r-devel-linux-x86_64-debian-gcc, r-devel-linux-x86_64-fedora-clang, r-devel-linux-x86_64-fedora-gcc, r-devel-windows-x86_64, r-patched-linux-x86_64, r-release-linux-x86_64, r-release-macos-arm64, r-release-macos-x86_64, r-release-windows-x86_64