Last updated on 2025-11-15 01:50:30 CET.
| Flavor | Version | Tinstall | Tcheck | Ttotal | Status | Flags |
|---|---|---|---|---|---|---|
| r-devel-linux-x86_64-debian-clang | 0.5.4 | 4.62 | 57.93 | 62.55 | NOTE | |
| r-devel-linux-x86_64-debian-gcc | 0.5.4 | 3.10 | 42.78 | 45.88 | NOTE | |
| r-devel-linux-x86_64-fedora-clang | 0.5.4 | 19.00 | 77.56 | 96.56 | OK | |
| r-devel-linux-x86_64-fedora-gcc | 0.5.4 | 87.87 | OK | |||
| r-devel-windows-x86_64 | 0.5.4 | 10.00 | 85.00 | 95.00 | OK | |
| r-patched-linux-x86_64 | 0.5.4 | 4.52 | 53.56 | 58.08 | OK | |
| r-release-linux-x86_64 | 0.5.4 | 4.18 | 53.73 | 57.91 | OK | |
| r-release-macos-arm64 | 0.5.4 | 3.00 | 31.00 | 34.00 | OK | |
| r-release-macos-x86_64 | 0.5.4 | 4.00 | 49.00 | 53.00 | OK | |
| r-release-windows-x86_64 | 0.5.4 | 9.00 | 83.00 | 92.00 | OK | |
| r-oldrel-macos-arm64 | 0.5.4 | 3.00 | 28.00 | 31.00 | OK | |
| r-oldrel-macos-x86_64 | 0.5.4 | 6.00 | 58.00 | 64.00 | OK | |
| r-oldrel-windows-x86_64 | 0.5.4 | 11.00 | 97.00 | 108.00 | OK |
Version: 0.5.4
Check: CRAN incoming feasibility
Result: NOTE
Maintainer: ‘Vladimir Zhbanko <vladimir.zhbanko@gmail.com>’
No Authors@R field in DESCRIPTION.
Please add one, modifying
Authors@R: person(given = "Vladimir",
family = "Zhbanko",
role = c("aut", "cre"),
email = "vladimir.zhbanko@gmail.com")
as necessary.
Flavors: r-devel-linux-x86_64-debian-clang, r-devel-linux-x86_64-debian-gcc