Last updated on 2025-11-15 01:50:30 CET.
| Flavor | Version | Tinstall | Tcheck | Ttotal | Status | Flags |
|---|---|---|---|---|---|---|
| r-devel-linux-x86_64-debian-clang | 2.1.6 | 89.29 | 105.10 | 194.39 | OK | |
| r-devel-linux-x86_64-debian-gcc | 2.1.6 | 52.78 | 77.60 | 130.38 | OK | |
| r-devel-linux-x86_64-fedora-clang | 2.1.6 | 456.00 | -60.43 | 395.57 | OK | |
| r-devel-linux-x86_64-fedora-gcc | 2.1.6 | 129.00 | 197.99 | 326.99 | OK | |
| r-devel-windows-x86_64 | 2.1.6 | 105.00 | 154.00 | 259.00 | OK | |
| r-patched-linux-x86_64 | 2.1.6 | 85.08 | 100.68 | 185.76 | OK | |
| r-release-linux-x86_64 | 2.1.6 | 85.27 | 99.93 | 185.20 | OK | |
| r-release-macos-arm64 | 2.1.6 | 32.00 | 95.00 | 127.00 | OK | |
| r-release-macos-x86_64 | 2.1.6 | 29.00 | 112.00 | 141.00 | OK | |
| r-release-windows-x86_64 | 2.1.6 | 101.00 | 162.00 | 263.00 | OK | |
| r-oldrel-macos-arm64 | 2.1.6 | 29.00 | 83.00 | 112.00 | NOTE | |
| r-oldrel-macos-x86_64 | 2.1.6 | 30.00 | 107.00 | 137.00 | NOTE | |
| r-oldrel-windows-x86_64 | 2.1.6 | 121.00 | 186.00 | 307.00 | OK |
Version: 2.1.6
Check: installed package size
Result: NOTE
installed size is 5.9Mb
sub-directories of 1Mb or more:
libs 5.1Mb
Flavors: r-oldrel-macos-arm64, r-oldrel-macos-x86_64