Last updated on 2025-07-08 13:49:12 CEST.
Flavor | Version | Tinstall | Tcheck | Ttotal | Status | Flags |
---|---|---|---|---|---|---|
r-devel-linux-x86_64-debian-clang | 0.1.35 | 213.64 | 36.85 | 250.49 | OK | |
r-devel-linux-x86_64-debian-gcc | 0.1.35 | 159.13 | 29.86 | 188.99 | OK | |
r-devel-linux-x86_64-fedora-clang | 0.1.35 | 462.04 | OK | |||
r-devel-linux-x86_64-fedora-gcc | 0.1.35 | 443.58 | OK | |||
r-devel-windows-x86_64 | 0.1.35 | 428.00 | 94.00 | 522.00 | OK | |
r-patched-linux-x86_64 | 0.1.35 | 209.59 | 35.68 | 245.27 | OK | |
r-release-linux-x86_64 | 0.1.35 | 206.28 | 35.48 | 241.76 | OK | |
r-release-macos-arm64 | 0.1.35 | 124.00 | OK | |||
r-release-macos-x86_64 | 0.1.35 | 163.00 | OK | |||
r-release-windows-x86_64 | 0.1.35 | 453.00 | 101.00 | 554.00 | OK | |
r-oldrel-macos-arm64 | 0.1.35 | 129.00 | NOTE | |||
r-oldrel-macos-x86_64 | 0.1.35 | 163.00 | NOTE | |||
r-oldrel-windows-x86_64 | 0.1.35 | 496.00 | 116.00 | 612.00 | NOTE |
Version: 0.1.35
Check: installed package size
Result: NOTE
installed size is 16.1Mb
sub-directories of 1Mb or more:
libs 15.7Mb
Flavors: r-oldrel-macos-arm64, r-oldrel-macos-x86_64, r-oldrel-windows-x86_64