Last updated on 2024-05-27 02:48:07 CEST.
Flavor | Version | Tinstall | Tcheck | Ttotal | Status | Flags |
---|---|---|---|---|---|---|
r-devel-linux-x86_64-debian-clang | 1.0.3 | 37.06 | 229.71 | 266.77 | NOTE | |
r-devel-linux-x86_64-debian-gcc | 1.0.3 | 24.68 | 165.76 | 190.44 | NOTE | |
r-devel-linux-x86_64-fedora-clang | 1.0.3 | 331.21 | NOTE | |||
r-devel-linux-x86_64-fedora-gcc | 1.0.3 | 335.29 | NOTE | |||
r-devel-windows-x86_64 | 1.0.3 | 22.00 | 172.00 | 194.00 | NOTE | |
r-patched-linux-x86_64 | 1.0.3 | 25.95 | 220.40 | 246.35 | NOTE | |
r-release-linux-x86_64 | 1.0.3 | 20.48 | 216.25 | 236.73 | NOTE | |
r-release-macos-arm64 | 1.0.3 | 174.00 | NOTE | |||
r-release-windows-x86_64 | 1.0.3 | 20.00 | 196.00 | 216.00 | NOTE | |
r-oldrel-macos-arm64 | 1.0.3 | 93.00 | OK | |||
r-oldrel-macos-x86_64 | 1.0.3 | 189.00 | OK | |||
r-oldrel-windows-x86_64 | 1.0.3 | 26.00 | 196.00 | 222.00 | OK |
Version: 1.0.3
Check: Rd files
Result: NOTE
checkRd: (-1) loon.shiny.Rd:93-102: Lost braces in \itemize; meant \describe ?
checkRd: (-1) loon.shiny.Rd:95-96: Lost braces in \itemize; meant \describe ?
checkRd: (-1) loon.shiny.Rd:97: Lost braces in \itemize; meant \describe ?
checkRd: (-1) loon.shiny.Rd:98-100: Lost braces in \itemize; meant \describe ?
checkRd: (-1) loon.shiny.Rd:103-108: Lost braces in \itemize; meant \describe ?
checkRd: (-1) loon.shiny.Rd:105: Lost braces in \itemize; meant \describe ?
checkRd: (-1) loon.shiny.Rd:106: Lost braces in \itemize; meant \describe ?
Flavors: r-devel-linux-x86_64-debian-clang, r-devel-linux-x86_64-debian-gcc, r-devel-linux-x86_64-fedora-clang, r-devel-linux-x86_64-fedora-gcc, r-devel-windows-x86_64, r-patched-linux-x86_64, r-release-linux-x86_64, r-release-macos-arm64, r-release-windows-x86_64