Last updated on 2025-10-31 13:50:54 CET.
| Flavor | Version | Tinstall | Tcheck | Ttotal | Status | Flags | 
|---|---|---|---|---|---|---|
| r-devel-linux-x86_64-debian-clang | 0.3.5 | 19.53 | 164.52 | 184.05 | NOTE | |
| r-devel-linux-x86_64-debian-gcc | 0.3.5 | 12.03 | 121.57 | 133.60 | NOTE | |
| r-devel-linux-x86_64-fedora-clang | 0.3.5 | 46.00 | 237.15 | 283.15 | OK | |
| r-devel-linux-x86_64-fedora-gcc | 0.3.5 | 40.00 | 224.71 | 264.71 | OK | |
| r-devel-windows-x86_64 | 0.3.5 | 21.00 | 166.00 | 187.00 | OK | |
| r-patched-linux-x86_64 | 0.3.5 | 18.76 | 153.59 | 172.35 | OK | |
| r-release-linux-x86_64 | 0.3.5 | 19.04 | 152.17 | 171.21 | OK | |
| r-release-macos-arm64 | 0.3.5 | 8.00 | 59.00 | 67.00 | OK | |
| r-release-macos-x86_64 | 0.3.5 | 17.00 | 109.00 | 126.00 | OK | |
| r-release-windows-x86_64 | 0.3.5 | 21.00 | 152.00 | 173.00 | OK | |
| r-oldrel-macos-arm64 | 0.3.5 | 8.00 | 59.00 | 67.00 | OK | |
| r-oldrel-macos-x86_64 | 0.3.5 | 12.00 | 95.00 | 107.00 | OK | |
| r-oldrel-windows-x86_64 | 0.3.5 | 27.00 | 195.00 | 222.00 | OK | 
Version: 0.3.5
Check: CRAN incoming feasibility
Result: NOTE
  Maintainer: ‘Sacha Epskamp <mail@sachaepskamp.com>’
  
  No Authors@R field in DESCRIPTION.
  Please add one, modifying
    Authors@R: person(given = "Sacha",
                      family = "Epskamp",
                      role = c("aut", "cre"),
                      email = "mail@sachaepskamp.com")
  as necessary.
Flavors: r-devel-linux-x86_64-debian-clang, r-devel-linux-x86_64-debian-gcc