Last updated on 2025-10-31 13:50:55 CET.
| Flavor | Version | Tinstall | Tcheck | Ttotal | Status | Flags | 
|---|---|---|---|---|---|---|
| r-devel-linux-x86_64-debian-clang | 3.2.0.1 | 24.14 | 197.79 | 221.93 | OK | |
| r-devel-linux-x86_64-debian-gcc | 3.2.0.1 | 19.58 | 145.03 | 164.61 | OK | |
| r-devel-linux-x86_64-fedora-clang | 3.2.0.1 | 54.00 | 295.83 | 349.83 | NOTE | |
| r-devel-linux-x86_64-fedora-gcc | 3.2.0.1 | 53.00 | 290.40 | 343.40 | NOTE | |
| r-devel-windows-x86_64 | 3.2.0.1 | 28.00 | 182.00 | 210.00 | OK | |
| r-patched-linux-x86_64 | 3.2.0.1 | 25.16 | 186.99 | 212.15 | OK | |
| r-release-linux-x86_64 | 3.2.0.1 | 25.78 | 186.48 | 212.26 | OK | |
| r-release-macos-arm64 | 3.2.0.1 | 10.00 | 70.00 | 80.00 | OK | |
| r-release-macos-x86_64 | 3.2.0.1 | 22.00 | 166.00 | 188.00 | OK | |
| r-release-windows-x86_64 | 3.2.0.1 | 26.00 | 171.00 | 197.00 | OK | |
| r-oldrel-macos-arm64 | 3.2.0.1 | 12.00 | 82.00 | 94.00 | OK | |
| r-oldrel-macos-x86_64 | 3.2.0.1 | 25.00 | 134.00 | 159.00 | OK | |
| r-oldrel-windows-x86_64 | 3.2.0.1 | 35.00 | 223.00 | 258.00 | OK | 
Version: 3.2.0.1
Check: dependencies in R code
Result: NOTE
  Namespaces in Imports field not imported from:
    ‘ActCR’ ‘ActFrag’ ‘tidyr’
    All declared Imports should be used.
Flavors: r-devel-linux-x86_64-fedora-clang, r-devel-linux-x86_64-fedora-gcc