Last updated on 2025-10-31 13:50:56 CET.
| Flavor | Version | Tinstall | Tcheck | Ttotal | Status | Flags | 
|---|---|---|---|---|---|---|
| r-devel-linux-x86_64-debian-clang | 0.0.3 | 4.68 | 32.65 | 37.33 | NOTE | |
| r-devel-linux-x86_64-debian-gcc | 0.0.3 | 3.43 | 24.91 | 28.34 | NOTE | |
| r-devel-linux-x86_64-fedora-clang | 0.0.3 | 55.59 | OK | |||
| r-devel-linux-x86_64-fedora-gcc | 0.0.3 | 13.00 | 42.64 | 55.64 | OK | |
| r-devel-windows-x86_64 | 0.0.3 | 9.00 | 80.00 | 89.00 | OK | |
| r-patched-linux-x86_64 | 0.0.3 | 5.92 | 31.35 | 37.27 | OK | |
| r-release-linux-x86_64 | 0.0.3 | 4.40 | 31.19 | 35.59 | OK | |
| r-release-macos-arm64 | 0.0.3 | 4.00 | 24.00 | 28.00 | OK | |
| r-release-macos-x86_64 | 0.0.3 | 6.00 | 33.00 | 39.00 | OK | |
| r-release-windows-x86_64 | 0.0.3 | 9.00 | 61.00 | 70.00 | OK | |
| r-oldrel-macos-arm64 | 0.0.3 | 3.00 | 22.00 | 25.00 | OK | |
| r-oldrel-macos-x86_64 | 0.0.3 | 5.00 | 29.00 | 34.00 | OK | |
| r-oldrel-windows-x86_64 | 0.0.3 | 11.00 | 66.00 | 77.00 | OK | 
Version: 0.0.3
Check: CRAN incoming feasibility
Result: NOTE
  Maintainer: ‘David Moriña Soler <dmorina@ub.edu>’
  
  No Authors@R field in DESCRIPTION.
  Please add one, modifying
    Authors@R: c(person(given = "David",
                        family = "Moriña",
                        role = c("aut", "cre"),
                        email = "dmorina@ub.edu",
                        comment = "Universitat de Barcelona"),
                 person(given = "Pedro",
                        family = "Puig",
                        role = "aut",
                        comment = "Universitat Autònoma de Barcelona"),
                 person(given = "Mireia",
                        family = "Diaz",
                        role = "aut",
                        comment = "Institut Català d'Oncologia"))
  as necessary.
Flavors: r-devel-linux-x86_64-debian-clang, r-devel-linux-x86_64-debian-gcc