CRAN Package Check Results for Package makeFlow

Last updated on 2025-07-04 12:49:04 CEST.

Flavor Version Tinstall Tcheck Ttotal Status Flags
r-devel-linux-x86_64-debian-clang 1.0.2 3.08 20.87 23.95 NOTE
r-devel-linux-x86_64-debian-gcc 1.0.2 2.05 17.51 19.56 NOTE
r-devel-linux-x86_64-fedora-clang 1.0.2 37.01 OK
r-devel-linux-x86_64-fedora-gcc 1.0.2 34.79 OK
r-devel-windows-x86_64 1.0.2 4.00 45.00 49.00 OK
r-patched-linux-x86_64 1.0.2 3.12 19.66 22.78 OK
r-release-linux-x86_64 1.0.2 2.19 19.60 21.79 OK
r-release-macos-arm64 1.0.2 21.00 OK
r-release-macos-x86_64 1.0.2 25.00 OK
r-release-windows-x86_64 1.0.2 5.00 43.00 48.00 OK
r-oldrel-macos-arm64 1.0.2 16.00 OK
r-oldrel-macos-x86_64 1.0.2 24.00 OK
r-oldrel-windows-x86_64 1.0.2 5.00 48.00 53.00 OK

Check Details

Version: 1.0.2
Check: CRAN incoming feasibility
Result: NOTE Maintainer: ‘Alex J. Krebs <Krebs.AlexJ@gmail.com>’ No Authors@R field in DESCRIPTION. Please add one, modifying Authors@R: person(given = c("Alex", "J."), family = "Krebs", role = c("aut", "cre"), email = "krebs.alexj@gmail.com") as necessary. Flavors: r-devel-linux-x86_64-debian-clang, r-devel-linux-x86_64-debian-gcc