Last updated on 2025-11-27 13:48:41 CET.
| Flavor | Version | Tinstall | Tcheck | Ttotal | Status | Flags |
|---|---|---|---|---|---|---|
| r-devel-linux-x86_64-debian-clang | 0.1.9 | 82.86 | 34.14 | 117.00 | NOTE | |
| r-devel-linux-x86_64-debian-gcc | 0.1.9 | 70.57 | 27.76 | 98.33 | NOTE | |
| r-devel-linux-x86_64-fedora-clang | 0.1.9 | 167.00 | 36.30 | 203.30 | NOTE | |
| r-devel-linux-x86_64-fedora-gcc | 0.1.9 | 129.00 | 109.12 | 238.12 | NOTE | |
| r-devel-windows-x86_64 | 0.1.9 | 112.00 | 72.00 | 184.00 | NOTE | |
| r-patched-linux-x86_64 | 0.1.9 | 93.99 | 31.03 | 125.02 | NOTE | |
| r-release-linux-x86_64 | 0.1.9 | 93.00 | 31.22 | 124.22 | NOTE | |
| r-release-macos-arm64 | 0.1.9 | NOTE | ||||
| r-release-macos-x86_64 | 0.1.9 | 31.00 | 32.00 | 63.00 | NOTE | |
| r-release-windows-x86_64 | 0.1.9 | 104.00 | 72.00 | 176.00 | NOTE | |
| r-oldrel-macos-arm64 | 0.1.9 | NOTE | ||||
| r-oldrel-macos-x86_64 | 0.1.9 | 12.00 | 25.00 | 37.00 | NOTE | |
| r-oldrel-windows-x86_64 | 0.1.9 | 94.00 | 88.00 | 182.00 | NOTE |
Version: 0.1.9
Check: C++ specification
Result: NOTE
Specified C++11: please drop specification unless essential
Flavors: r-devel-linux-x86_64-debian-clang, r-devel-linux-x86_64-debian-gcc, r-devel-windows-x86_64, r-patched-linux-x86_64, r-release-linux-x86_64, r-release-macos-arm64, r-release-macos-x86_64, r-release-windows-x86_64, r-oldrel-macos-arm64, r-oldrel-macos-x86_64, r-oldrel-windows-x86_64
Version: 0.1.9
Check: C++ specification
Result: NOTE
Specified C++11: support will be removed soon
Flavors: r-devel-linux-x86_64-fedora-clang, r-devel-linux-x86_64-fedora-gcc
Version: 0.1.9
Check: installed package size
Result: NOTE
installed size is 9.0Mb
sub-directories of 1Mb or more:
libs 8.8Mb
Flavors: r-oldrel-macos-arm64, r-oldrel-macos-x86_64
Version: 0.1.9
Check: for GNU extensions in Makefiles
Result: NOTE
GNU make is a SystemRequirements.
Flavors: r-oldrel-macos-arm64, r-oldrel-macos-x86_64, r-oldrel-windows-x86_64