Last updated on 2025-10-31 13:50:54 CET.
| Flavor | Version | Tinstall | Tcheck | Ttotal | Status | Flags | 
|---|---|---|---|---|---|---|
| r-devel-linux-x86_64-debian-clang | 1.5-2.1 | 7.17 | 112.73 | 119.90 | NOTE | |
| r-devel-linux-x86_64-debian-gcc | 1.5-2.1 | 4.09 | 72.81 | 76.90 | NOTE | |
| r-devel-linux-x86_64-fedora-clang | 1.5-2.1 | 15.00 | 166.47 | 181.47 | OK | |
| r-devel-linux-x86_64-fedora-gcc | 1.5-2.1 | 14.00 | 170.20 | 184.20 | OK | |
| r-devel-windows-x86_64 | 1.5-2.1 | 8.00 | 151.00 | 159.00 | NOTE | |
| r-patched-linux-x86_64 | 1.5-2.1 | 8.60 | 106.37 | 114.97 | NOTE | |
| r-release-linux-x86_64 | 1.5-2.1 | 6.47 | 104.74 | 111.21 | NOTE | |
| r-release-macos-arm64 | 1.5-2.1 | 4.00 | 76.00 | 80.00 | WARN | |
| r-release-macos-x86_64 | 1.5-2.1 | 6.00 | 119.00 | 125.00 | OK | |
| r-release-windows-x86_64 | 1.5-2.1 | 8.00 | 156.00 | 164.00 | NOTE | |
| r-oldrel-macos-arm64 | 1.5-2.1 | 3.00 | 64.00 | 67.00 | WARN | |
| r-oldrel-macos-x86_64 | 1.5-2.1 | 4.00 | 105.00 | 109.00 | OK | |
| r-oldrel-windows-x86_64 | 1.5-2.1 | 11.00 | 180.00 | 191.00 | OK | 
Version: 1.5-2.1
Check: CRAN incoming feasibility
Result: NOTE
  Maintainer: ‘Ott Toomet <otoomet@gmail.com>’
  
  Package CITATION file contains call(s) to old-style personList() or
  as.personList().  Please use c() on person objects instead.
  Package CITATION file contains call(s) to old-style citEntry().  Please
  use bibentry() instead.
Flavors: r-devel-linux-x86_64-debian-clang, r-devel-linux-x86_64-debian-gcc
Version: 1.5-2.1
Check: Rd cross-references
Result: NOTE
  Found the following Rd file(s) with Rd \link{} targets missing package
  anchors:
    activePar.Rd: nObs
    nObs.Rd: nParam
    nParam.Rd: nObs
  Please provide package anchors for all Rd \link{} targets not in the
  package itself and the base packages.
Flavors: r-devel-linux-x86_64-debian-clang, r-devel-linux-x86_64-debian-gcc, r-devel-windows-x86_64, r-patched-linux-x86_64, r-release-linux-x86_64, r-release-windows-x86_64
Version: 1.5-2.1
Check: re-building of vignette outputs
Result: WARN
  Error(s) in re-building vignettes:
  --- re-building ‘intro-to-maximum-likelihood.Rnw’ using Sweave
  Loading required package: miscTools
  
  Please cite the 'maxLik' package as:
  Henningsen, Arne and Toomet, Ott (2011). maxLik: A package for maximum likelihood estimation in R. Computational Statistics 26(3), 443-458. DOI 10.1007/s00180-010-0217-1.
  
  If you have questions, suggestions, or comments regarding the 'maxLik' package, please use a forum or 'tracker' at maxLik's R-Forge site:
  https://r-forge.r-project.org/projects/maxlik/
  Warning in log(sigma) : NaNs produced
  Loading required package: plot3D
  --- finished re-building ‘intro-to-maximum-likelihood.Rnw’
  
  --- re-building ‘stochastic-gradient-maxLik.Rnw’ using Sweave
  Loading required package: miscTools
  
  Please cite the 'maxLik' package as:
  Henningsen, Arne and Toomet, Ott (2011). maxLik: A package for maximum likelihood estimation in R. Computational Statistics 26(3), 443-458. DOI 10.1007/s00180-010-0217-1.
  
  If you have questions, suggestions, or comments regarding the 'maxLik' package, please use a forum or 'tracker' at maxLik's R-Forge site:
  https://r-forge.r-project.org/projects/maxlik/
  --- finished re-building ‘stochastic-gradient-maxLik.Rnw’
  
  --- re-building ‘using-maxlik.Rnw’ using Sweave
  Loading required package: miscTools
  
  Please cite the 'maxLik' package as:
  Henningsen, Arne and Toomet, Ott (2011). maxLik: A package for maximum likelihood estimation in R. Computational Statistics 26(3), 443-458. DOI 10.1007/s00180-010-0217-1.
  
  If you have questions, suggestions, or comments regarding the 'maxLik' package, please use a forum or 'tracker' at maxLik's R-Forge site:
  https://r-forge.r-project.org/projects/maxlik/
  Warning in dnorm(x, mean = mu, sd = sigma, log = TRUE) : NaNs produced
  Warning in dnorm(x, mean = mu, sd = sigma, log = TRUE) : NaNs produced
  Warning in dnorm(x, mean = mu, sd = sigma, log = TRUE) : NaNs produced
  Warning in dnorm(x, mean = mu, sd = sigma, log = TRUE) : NaNs produced
  Warning in dnorm(x, mean = mu, sd = sigma, log = TRUE) : NaNs produced
  Warning in dnorm(x, mean = mu, sd = sigma, log = TRUE) : NaNs produced
  Warning in dnorm(x, mean = mu, sd = sigma, log = TRUE) : NaNs produced
  Warning in dnorm(x, mean = mu, sd = sigma, log = TRUE) : NaNs produced
  Warning in dnorm(x, mean = mu, sd = sigma, log = TRUE) : NaNs produced
  Warning in dnorm(x, mean = mu, sd = sigma, log = TRUE) : NaNs produced
  Warning in dnorm(x, mean = mu, sd = sigma, log = TRUE) : NaNs produced
  Warning in dnorm(x, mean = mu, sd = sigma, log = TRUE) : NaNs produced
  Warning in dnorm(x, mean = mu, sd = sigma, log = TRUE) : NaNs produced
  Warning in dnorm(x, mean = mu, sd = sigma, log = TRUE) : NaNs produced
  Warning in dnorm(x, mean = mu, sd = sigma, log = TRUE) : NaNs produced
  Warning in dnorm(x, mean = mu, sd = sigma, log = TRUE) : NaNs produced
  Warning in dnorm(x, mean = mu, sd = sigma, log = TRUE) : NaNs produced
  Warning in dnorm(x, mean = mu, sd = sigma, log = TRUE) : NaNs produced
  Warning in dnorm(x, mean = mu, sd = sigma, log = TRUE) : NaNs produced
  Warning in dnorm(x, mean = mu, sd = sigma, log = TRUE) : NaNs produced
  Warning in dnorm(x, mean = mu, sd = sigma, log = TRUE) : NaNs produced
  Warning in dnorm(x, mean = mu, sd = sigma, log = TRUE) : NaNs produced
  Warning in dnorm(x, mean = mu, sd = sigma, log = TRUE) : NaNs produced
  Warning in sqrt(diag(vc)) : NaNs produced
  Warning in sqrt(diag(vc)) : NaNs produced
  Warning in dnorm(x, mean = mu, sd = sigma, log = TRUE) : NaNs produced
  Warning in dnorm(x, mean = mu, sd = sigma, log = TRUE) : NaNs produced
  Warning in dnorm(x, mean = mu, sd = sigma, log = TRUE) : NaNs produced
  Warning in dnorm(x, mean = mu, sd = sigma, log = TRUE) : NaNs produced
  Warning in dnorm(x, mean = mu, sd = sigma, log = TRUE) : NaNs produced
  Warning in dnorm(x, mean = mu, sd = sigma, log = TRUE) : NaNs produced
  Warning in dnorm(x, mean = mu, sd = sigma, log = TRUE) : NaNs produced
  Warning in dnorm(x, mean = mu, sd = sigma, log = TRUE) : NaNs produced
  Warning in dnorm(x, mean = mu, sd = sigma, log = TRUE) : NaNs produced
  Warning in dnorm(x, mean = mu, sd = sigma, log = TRUE) : NaNs produced
  Warning in dnorm(x, mean = mu, sd = sigma, log = TRUE) : NaNs produced
  Warning in dnorm(x, mean = mu, sd = sigma, log = TRUE) : NaNs produced
  Warning in dnorm(x, mean = mu, sd = sigma, log = TRUE) : NaNs produced
  Warning in dnorm(x, mean = mu, sd = sigma, log = TRUE) : NaNs produced
  Warning in dnorm(x, mean = mu, sd = sigma, log = TRUE) : NaNs produced
  Warning in dnorm(x, mean = mu, sd = sigma, log = TRUE) : NaNs produced
  Warning in dnorm(x, mean = mu, sd = sigma, log = TRUE) : NaNs produced
  Warning in dnorm(x, mean = mu, sd = sigma, log = TRUE) : NaNs produced
  Warning in dnorm(x, mean = mu, sd = sigma, log = TRUE) : NaNs produced
  Warning in dnorm(x, mean = mu, sd = sigma, log = TRUE) : NaNs produced
  Warning in dnorm(x, mean = mu, sd = sigma, log = TRUE) : NaNs produced
  Warning in dnorm(x, mean = mu, sd = sigma, log = TRUE) : NaNs produced
  Warning in dnorm(x, mean = mu, sd = sigma, log = TRUE) : NaNs produced
  Warning in dnorm(x, mean = mu, sd = sigma, log = TRUE) : NaNs produced
  Warning in dnorm(x, mean = mu, sd = sigma, log = TRUE) : NaNs produced
  Warning in dnorm(x, mean = mu, sd = sigma, log = TRUE) : NaNs produced
  Warning in sqrt(diag(vc)) : NaNs produced
  Warning in sqrt(diag(vc)) : NaNs produced
  Error: processing vignette 'using-maxlik.Rnw' failed with diagnostics:
  Running 'texi2dvi' on 'using-maxlik.tex' failed.
  LaTeX errors:
  !pdfTeX error: pdflatex (file bbm10): Font bbm10 at 600 not found
   ==> Fatal error occurred, no output PDF file produced!
  --- failed re-building ‘using-maxlik.Rnw’
  
  SUMMARY: processing the following file failed:
    ‘using-maxlik.Rnw’
  
  Error: Vignette re-building failed.
  Execution halted
Flavors: r-release-macos-arm64, r-oldrel-macos-arm64