Last updated on 2025-10-31 13:50:54 CET.
| Flavor | Version | Tinstall | Tcheck | Ttotal | Status | Flags | 
|---|---|---|---|---|---|---|
| r-devel-linux-x86_64-debian-clang | 1.1.1 | 2.07 | 22.18 | 24.25 | NOTE | |
| r-devel-linux-x86_64-debian-gcc | 1.1.1 | 1.73 | 18.32 | 20.05 | NOTE | |
| r-devel-linux-x86_64-fedora-clang | 1.1.1 | 35.36 | NOTE | |||
| r-devel-linux-x86_64-fedora-gcc | 1.1.1 | 33.61 | NOTE | |||
| r-devel-windows-x86_64 | 1.1.1 | 3.00 | 40.00 | 43.00 | NOTE | |
| r-patched-linux-x86_64 | 1.1.1 | 2.04 | 20.90 | 22.94 | NOTE | |
| r-release-linux-x86_64 | 1.1.1 | 1.96 | 20.97 | 22.93 | NOTE | |
| r-release-macos-arm64 | 1.1.1 | 1.00 | 18.00 | 19.00 | NOTE | |
| r-release-macos-x86_64 | 1.1.1 | 2.00 | 24.00 | 26.00 | NOTE | |
| r-release-windows-x86_64 | 1.1.1 | 3.00 | 44.00 | 47.00 | NOTE | |
| r-oldrel-macos-arm64 | 1.1.1 | 1.00 | 13.00 | 14.00 | NOTE | |
| r-oldrel-macos-x86_64 | 1.1.1 | 2.00 | 20.00 | 22.00 | NOTE | |
| r-oldrel-windows-x86_64 | 1.1.1 | 3.00 | 41.00 | 44.00 | NOTE | 
Version: 1.1.1
Check: CRAN incoming feasibility
Result: NOTE
  Maintainer: ‘Jae Keun Yoo <peter.yoo@ewha.ac.kr>’
  
  No Authors@R field in DESCRIPTION.
  Please add one, modifying
    Authors@R: person(given = c("Jae", "Keun"),
                      family = "Yoo",
                      role = c("aut", "cre"),
                      email = "peter.yoo@ewha.ac.kr")
  as necessary.
Flavors: r-devel-linux-x86_64-debian-clang, r-devel-linux-x86_64-debian-gcc
Version: 1.1.1
Check: Rd files
Result: NOTE
  checkRd: (-1) SIGMAS.Rd:17: Lost braces; missing escapes or markup?
      17 | Sigmahat =  (Y^{T} Y)/n;
         |                ^
  checkRd: (-1) SIGMAS.Rd:18: Lost braces; missing escapes or markup?
      18 | Sigmahat_fit = (Y^{T}  P_fx  Y)/n;
         |                   ^
  checkRd: (-1) matpower.Rd:17: Lost braces; missing escapes or markup?
      17 | The function computes M^{power} for a symmetric matrix M. }
         |                         ^
Flavors: r-devel-linux-x86_64-debian-clang, r-devel-linux-x86_64-debian-gcc, r-devel-linux-x86_64-fedora-clang, r-devel-linux-x86_64-fedora-gcc, r-devel-windows-x86_64, r-patched-linux-x86_64, r-release-linux-x86_64, r-release-macos-arm64, r-release-macos-x86_64, r-release-windows-x86_64, r-oldrel-macos-arm64, r-oldrel-macos-x86_64, r-oldrel-windows-x86_64