Last updated on 2025-10-31 13:50:54 CET.
| Flavor | Version | Tinstall | Tcheck | Ttotal | Status | Flags | 
|---|---|---|---|---|---|---|
| r-devel-linux-x86_64-debian-clang | 3.0 | 12.86 | 115.17 | 128.03 | NOTE | |
| r-devel-linux-x86_64-debian-gcc | 3.0 | 9.21 | 84.64 | 93.85 | NOTE | |
| r-devel-linux-x86_64-fedora-clang | 3.0 | 27.00 | 176.19 | 203.19 | OK | |
| r-devel-linux-x86_64-fedora-gcc | 3.0 | 25.00 | 176.77 | 201.77 | OK | |
| r-devel-windows-x86_64 | 3.0 | 15.00 | 117.00 | 132.00 | OK | |
| r-patched-linux-x86_64 | 3.0 | 11.67 | 109.20 | 120.87 | OK | |
| r-release-linux-x86_64 | 3.0 | 12.04 | 109.53 | 121.57 | OK | |
| r-release-macos-arm64 | 3.0 | 9.00 | 72.00 | 81.00 | OK | |
| r-release-macos-x86_64 | 3.0 | 11.00 | 98.00 | 109.00 | OK | |
| r-release-windows-x86_64 | 3.0 | 14.00 | 118.00 | 132.00 | OK | |
| r-oldrel-macos-arm64 | 3.0 | 5.00 | 51.00 | 56.00 | OK | |
| r-oldrel-macos-x86_64 | 3.0 | 8.00 | 75.00 | 83.00 | OK | |
| r-oldrel-windows-x86_64 | 3.0 | 18.00 | 145.00 | 163.00 | OK | 
Version: 3.0
Check: CRAN incoming feasibility
Result: NOTE
  Maintainer: ‘Ning Ning <patricianing@gmail.com>’
  
  No Authors@R field in DESCRIPTION.
  Please add one, modifying
    Authors@R: c(person(given = "Jinwen",
                        family = "Qiu",
                        role = "aut",
                        email = "qjwsnow_ctw@hotmail.com"),
                 person(given = "Ning",
                        family = "Ning",
                        role = c("aut", "cre"),
                        email = "patricianing@gmail.com"))
  as necessary.
Flavors: r-devel-linux-x86_64-debian-clang, r-devel-linux-x86_64-debian-gcc