Last updated on 2025-10-31 13:50:54 CET.
| Flavor | Version | Tinstall | Tcheck | Ttotal | Status | Flags | 
|---|---|---|---|---|---|---|
| r-devel-linux-x86_64-debian-clang | 1.1.6 | 1.68 | 19.79 | 21.47 | NOTE | |
| r-devel-linux-x86_64-debian-gcc | 1.1.6 | 1.52 | 16.21 | 17.73 | NOTE | |
| r-devel-linux-x86_64-fedora-clang | 1.1.6 | 31.68 | OK | |||
| r-devel-linux-x86_64-fedora-gcc | 1.1.6 | 30.01 | OK | |||
| r-devel-windows-x86_64 | 1.1.6 | 2.00 | 38.00 | 40.00 | OK | |
| r-patched-linux-x86_64 | 1.1.6 | 1.83 | 18.75 | 20.58 | OK | |
| r-release-linux-x86_64 | 1.1.6 | 1.65 | 18.71 | 20.36 | OK | |
| r-release-macos-arm64 | 1.1.6 | 1.00 | 15.00 | 16.00 | OK | |
| r-release-macos-x86_64 | 1.1.6 | 2.00 | 21.00 | 23.00 | OK | |
| r-release-windows-x86_64 | 1.1.6 | 2.00 | 43.00 | 45.00 | OK | |
| r-oldrel-macos-arm64 | 1.1.6 | 1.00 | 13.00 | 14.00 | OK | |
| r-oldrel-macos-x86_64 | 1.1.6 | 2.00 | 26.00 | 28.00 | OK | |
| r-oldrel-windows-x86_64 | 1.1.6 | 3.00 | 39.00 | 42.00 | OK | 
Version: 1.1.6
Check: CRAN incoming feasibility
Result: NOTE
  Maintainer: ‘Holger Schwender <holger.schw@gmx.de>’
  
  No Authors@R field in DESCRIPTION.
  Please add one, modifying
    Authors@R: person(given = "Holger",
                      family = "Schwender",
                      role = c("aut", "cre"),
                      email = "holger.schw@gmx.de")
  as necessary.
Flavors: r-devel-linux-x86_64-debian-clang, r-devel-linux-x86_64-debian-gcc