Last updated on 2025-10-31 13:50:54 CET.
| Flavor | Version | Tinstall | Tcheck | Ttotal | Status | Flags | 
|---|---|---|---|---|---|---|
| r-devel-linux-x86_64-debian-clang | 0.4.4 | 1.59 | 18.46 | 20.05 | NOTE | |
| r-devel-linux-x86_64-debian-gcc | 0.4.4 | 1.35 | 15.42 | 16.77 | NOTE | |
| r-devel-linux-x86_64-fedora-clang | 0.4.4 | 29.33 | OK | |||
| r-devel-linux-x86_64-fedora-gcc | 0.4.4 | 28.12 | OK | |||
| r-devel-windows-x86_64 | 0.4.4 | 2.00 | 37.00 | 39.00 | OK | |
| r-patched-linux-x86_64 | 0.4.4 | 1.59 | 17.44 | 19.03 | OK | |
| r-release-linux-x86_64 | 0.4.4 | 1.43 | 17.35 | 18.78 | OK | |
| r-release-macos-arm64 | 0.4.4 | 1.00 | 16.00 | 17.00 | OK | |
| r-release-macos-x86_64 | 0.4.4 | 2.00 | 24.00 | 26.00 | OK | |
| r-release-windows-x86_64 | 0.4.4 | 4.00 | 39.00 | 43.00 | OK | |
| r-oldrel-macos-arm64 | 0.4.4 | 1.00 | 13.00 | 14.00 | NOTE | |
| r-oldrel-macos-x86_64 | 0.4.4 | 1.00 | 25.00 | 26.00 | NOTE | |
| r-oldrel-windows-x86_64 | 0.4.4 | 3.00 | 41.00 | 44.00 | NOTE | 
Version: 0.4.4
Check: CRAN incoming feasibility
Result: NOTE
  Maintainer: ‘Hitoshi Iuchi <hiuchi@sfc.keio.ac.jp>’
  
  No Authors@R field in DESCRIPTION.
  Please add one, modifying
    Authors@R: person(given = "Hitoshi",
                      family = "Iuchi",
                      role = c("aut", "cre"),
                      email = "hiuchi@sfc.keio.ac.jp")
  as necessary.
Flavors: r-devel-linux-x86_64-debian-clang, r-devel-linux-x86_64-debian-gcc
Version: 0.4.4
Check: LazyData
Result: NOTE
    'LazyData' is specified without a 'data' directory
Flavors: r-oldrel-macos-arm64, r-oldrel-macos-x86_64, r-oldrel-windows-x86_64