Last updated on 2024-05-28 12:56:21 CEST.
Flavor | Version | Tinstall | Tcheck | Ttotal | Status | Flags |
---|---|---|---|---|---|---|
r-devel-linux-x86_64-debian-clang | 2.2.1 | 105.00 | 546.28 | 651.28 | OK | |
r-devel-linux-x86_64-debian-gcc | 2.2.1 | 67.45 | 414.21 | 481.66 | OK | |
r-devel-linux-x86_64-fedora-clang | 2.2.1 | 811.16 | NOTE | |||
r-devel-linux-x86_64-fedora-gcc | 2.2.1 | 858.06 | NOTE | |||
r-devel-windows-x86_64 | 2.2.1 | 78.00 | 402.00 | 480.00 | OK | |
r-patched-linux-x86_64 | 2.2.1 | 58.38 | 535.11 | 593.49 | OK | |
r-release-linux-x86_64 | 2.2.1 | 62.46 | 534.00 | 596.46 | OK | |
r-release-macos-arm64 | 2.2.1 | 187.00 | OK | |||
r-release-windows-x86_64 | 2.2.1 | 80.00 | 393.00 | 473.00 | OK | |
r-oldrel-macos-arm64 | 2.2.1 | 179.00 | OK | |||
r-oldrel-macos-x86_64 | 2.2.1 | 560.00 | OK | |||
r-oldrel-windows-x86_64 | 2.2.1 | 101.00 | 453.00 | 554.00 | OK |
Version: 2.2.1
Check: data for non-ASCII characters
Result: NOTE
Note: found 3300 marked UTF-8 strings
Flavors: r-devel-linux-x86_64-fedora-clang, r-devel-linux-x86_64-fedora-gcc