Last updated on 2025-10-18 00:50:40 CEST.
Flavor | Version | Tinstall | Tcheck | Ttotal | Status | Flags |
---|---|---|---|---|---|---|
r-devel-linux-x86_64-debian-clang | 2.1 | 12.91 | 81.93 | 94.84 | NOTE | |
r-devel-linux-x86_64-debian-gcc | 2.1 | 8.33 | 54.51 | 62.84 | NOTE | |
r-devel-linux-x86_64-fedora-clang | 2.1 | 154.20 | OK | |||
r-devel-linux-x86_64-fedora-gcc | 2.1 | 144.81 | OK | |||
r-devel-windows-x86_64 | 2.1 | 12.00 | 84.00 | 96.00 | OK | |
r-patched-linux-x86_64 | 2.1 | 11.99 | 75.30 | 87.29 | OK | |
r-release-linux-x86_64 | 2.1 | 11.89 | 74.97 | 86.86 | OK | |
r-release-macos-arm64 | 2.1 | 37.00 | OK | |||
r-release-macos-x86_64 | 2.1 | 76.00 | OK | |||
r-release-windows-x86_64 | 2.1 | 12.00 | 86.00 | 98.00 | OK | |
r-oldrel-macos-arm64 | 2.1 | 38.00 | OK | |||
r-oldrel-macos-x86_64 | 2.1 | 61.00 | OK | |||
r-oldrel-windows-x86_64 | 2.1 | 16.00 | 106.00 | 122.00 | OK |
Version: 2.1
Check: CRAN incoming feasibility
Result: NOTE
Maintainer: ‘Zheng-Zheng Tang <tang@biostat.wisc.edu>’
No Authors@R field in DESCRIPTION.
Please add one, modifying
Authors@R: person(given = "Zheng-Zheng",
family = "Tang",
role = c("aut", "cre"),
email = "tang@biostat.wisc.edu")
as necessary.
Flavors: r-devel-linux-x86_64-debian-clang, r-devel-linux-x86_64-debian-gcc