Last updated on 2025-10-31 13:50:55 CET.
| Flavor | Version | Tinstall | Tcheck | Ttotal | Status | Flags | 
|---|---|---|---|---|---|---|
| r-devel-linux-x86_64-debian-clang | 1.5.0 | 14.68 | 122.13 | 136.81 | NOTE | |
| r-devel-linux-x86_64-debian-gcc | 1.5.0 | 10.15 | 88.73 | 98.88 | NOTE | |
| r-devel-linux-x86_64-fedora-clang | 1.5.0 | 31.00 | 181.77 | 212.77 | OK | |
| r-devel-linux-x86_64-fedora-gcc | 1.5.0 | 29.00 | 185.53 | 214.53 | OK | |
| r-devel-windows-x86_64 | 1.5.0 | 16.00 | 127.00 | 143.00 | OK | |
| r-patched-linux-x86_64 | 1.5.0 | 13.67 | 115.21 | 128.88 | OK | |
| r-release-linux-x86_64 | 1.5.0 | 12.81 | 116.17 | 128.98 | OK | |
| r-release-macos-arm64 | 1.5.0 | 6.00 | 58.00 | 64.00 | OK | |
| r-release-macos-x86_64 | 1.5.0 | 10.00 | 97.00 | 107.00 | OK | |
| r-release-windows-x86_64 | 1.5.0 | 17.00 | 126.00 | 143.00 | OK | |
| r-oldrel-macos-arm64 | 1.5.0 | 5.00 | 54.00 | 59.00 | OK | |
| r-oldrel-macos-x86_64 | 1.5.0 | 8.00 | 85.00 | 93.00 | OK | |
| r-oldrel-windows-x86_64 | 1.5.0 | 21.00 | 159.00 | 180.00 | OK | 
Version: 1.5.0
Check: CRAN incoming feasibility
Result: NOTE
  Maintainer: ‘Sam Wilson <samwilson303@gmail.com>’
  
  The Description field contains
    model by Stekhoven and Buhlmann <arXiv:1105.0828> to impute missing
  Please refer to arXiv e-prints via their arXiv DOI <doi:10.48550/arXiv.YYMM.NNNNN>.
Flavors: r-devel-linux-x86_64-debian-clang, r-devel-linux-x86_64-debian-gcc