Last updated on 2025-10-31 13:50:55 CET.
| Flavor | Version | Tinstall | Tcheck | Ttotal | Status | Flags | 
|---|---|---|---|---|---|---|
| r-devel-linux-x86_64-debian-clang | 0.1-1 | 1.65 | 19.64 | 21.29 | NOTE | |
| r-devel-linux-x86_64-debian-gcc | 0.1-1 | 1.37 | 16.56 | 17.93 | NOTE | |
| r-devel-linux-x86_64-fedora-clang | 0.1-1 | 30.33 | OK | |||
| r-devel-linux-x86_64-fedora-gcc | 0.1-1 | 29.00 | OK | |||
| r-devel-windows-x86_64 | 0.1-1 | 2.00 | 39.00 | 41.00 | OK | |
| r-patched-linux-x86_64 | 0.1-1 | 1.67 | 18.46 | 20.13 | OK | |
| r-release-linux-x86_64 | 0.1-1 | 1.64 | 18.51 | 20.15 | OK | |
| r-release-macos-arm64 | 0.1-1 | 1.00 | 16.00 | 17.00 | OK | |
| r-release-macos-x86_64 | 0.1-1 | 1.00 | 22.00 | 23.00 | OK | |
| r-release-windows-x86_64 | 0.1-1 | 2.00 | 42.00 | 44.00 | OK | |
| r-oldrel-macos-arm64 | 0.1-1 | 1.00 | 13.00 | 14.00 | NOTE | |
| r-oldrel-macos-x86_64 | 0.1-1 | 1.00 | 24.00 | 25.00 | NOTE | |
| r-oldrel-windows-x86_64 | 0.1-1 | 2.00 | 40.00 | 42.00 | NOTE | 
Version: 0.1-1
Check: CRAN incoming feasibility
Result: NOTE
  Maintainer: ‘Seong Hyun Hwang <krshh1412@gmail.com>’
  
  No Authors@R field in DESCRIPTION.
  Please add one, modifying
    Authors@R: c(person(given = c("Seong", "Hyun", "Hwang", "with", "contributions", "from", "Rachel", "Myoung"),
                        family = "Moon",
                        role = "aut"),
                 person(given = c("Seong", "Hyun"),
                        family = "Hwang",
                        role = "cre",
                        email = "krshh1412@gmail.com"))
  as necessary.
Flavors: r-devel-linux-x86_64-debian-clang, r-devel-linux-x86_64-debian-gcc
Version: 0.1-1
Check: LazyData
Result: NOTE
    'LazyData' is specified without a 'data' directory
Flavors: r-oldrel-macos-arm64, r-oldrel-macos-x86_64, r-oldrel-windows-x86_64