Last updated on 2025-10-31 13:50:55 CET.
| Flavor | Version | Tinstall | Tcheck | Ttotal | Status | Flags | 
|---|---|---|---|---|---|---|
| r-devel-linux-x86_64-debian-clang | 1.3 | 1.57 | 22.73 | 24.30 | NOTE | |
| r-devel-linux-x86_64-debian-gcc | 1.3 | 1.42 | 18.25 | 19.67 | NOTE | |
| r-devel-linux-x86_64-fedora-clang | 1.3 | 35.81 | OK | |||
| r-devel-linux-x86_64-fedora-gcc | 1.3 | 34.85 | OK | |||
| r-devel-windows-x86_64 | 1.3 | 3.00 | 47.00 | 50.00 | OK | |
| r-patched-linux-x86_64 | 1.3 | 1.52 | 21.33 | 22.85 | OK | |
| r-release-linux-x86_64 | 1.3 | 1.54 | 21.45 | 22.99 | OK | |
| r-release-macos-arm64 | 1.3 | 1.00 | 18.00 | 19.00 | OK | |
| r-release-macos-x86_64 | 1.3 | 2.00 | 28.00 | 30.00 | OK | |
| r-release-windows-x86_64 | 1.3 | 3.00 | 42.00 | 45.00 | OK | |
| r-oldrel-macos-arm64 | 1.3 | 1.00 | 15.00 | 16.00 | NOTE | |
| r-oldrel-macos-x86_64 | 1.3 | 2.00 | 24.00 | 26.00 | NOTE | |
| r-oldrel-windows-x86_64 | 1.3 | 4.00 | 48.00 | 52.00 | NOTE | 
Version: 1.3
Check: CRAN incoming feasibility
Result: NOTE
  Maintainer: ‘Philipp Gaffert <philipp.gaffert@web.de>’
  
  Package CITATION file contains call(s) to old-style personList() or
  as.personList().  Please use c() on person objects instead.
  Package CITATION file contains call(s) to old-style citEntry().  Please
  use bibentry() instead.
Flavors: r-devel-linux-x86_64-debian-clang, r-devel-linux-x86_64-debian-gcc
Version: 1.3
Check: LazyData
Result: NOTE
    'LazyData' is specified without a 'data' directory
Flavors: r-oldrel-macos-arm64, r-oldrel-macos-x86_64, r-oldrel-windows-x86_64