Last updated on 2025-10-31 13:50:55 CET.
| Flavor | Version | Tinstall | Tcheck | Ttotal | Status | Flags | 
|---|---|---|---|---|---|---|
| r-devel-linux-x86_64-debian-clang | 0.2.0 | 5.86 | 37.11 | 42.97 | NOTE | |
| r-devel-linux-x86_64-debian-gcc | 0.2.0 | 3.62 | 27.14 | 30.76 | NOTE | |
| r-devel-linux-x86_64-fedora-clang | 0.2.0 | 14.00 | 51.26 | 65.26 | NOTE | |
| r-devel-linux-x86_64-fedora-gcc | 0.2.0 | 11.00 | 49.79 | 60.79 | NOTE | |
| r-devel-windows-x86_64 | 0.2.0 | 8.00 | 54.00 | 62.00 | NOTE | |
| r-patched-linux-x86_64 | 0.2.0 | 5.00 | 34.01 | 39.01 | NOTE | |
| r-release-linux-x86_64 | 0.2.0 | 3.81 | 33.82 | 37.63 | NOTE | |
| r-release-macos-arm64 | 0.2.0 | 3.00 | 20.00 | 23.00 | NOTE | |
| r-release-macos-x86_64 | 0.2.0 | 5.00 | 31.00 | 36.00 | NOTE | |
| r-release-windows-x86_64 | 0.2.0 | 8.00 | 55.00 | 63.00 | NOTE | |
| r-oldrel-macos-arm64 | 0.2.0 | 3.00 | 20.00 | 23.00 | NOTE | |
| r-oldrel-macos-x86_64 | 0.2.0 | 4.00 | 27.00 | 31.00 | NOTE | |
| r-oldrel-windows-x86_64 | 0.2.0 | 10.00 | 61.00 | 71.00 | NOTE | 
Version: 0.2.0
Check: CRAN incoming feasibility
Result: NOTE
  Maintainer: ‘Genevieve Robin <genevieve.robin@polytechnique.edu>’
  
  No Authors@R field in DESCRIPTION.
  Please add one, modifying
    Authors@R: c(person(given = "Geneviève",
                        family = "Robin",
                        role = "aut"),
                 person(given = "Genevieve",
                        family = "Robin",
                        role = "cre",
                        email = "genevieve.robin@polytechnique.edu"))
  as necessary.
  
  The Description field contains
    <arXiv:1806.09734>.
  Please refer to arXiv e-prints via their arXiv DOI <doi:10.48550/arXiv.YYMM.NNNNN>.
Flavors: r-devel-linux-x86_64-debian-clang, r-devel-linux-x86_64-debian-gcc
Version: 0.2.0
Check: Rd files
Result: NOTE
  checkRd: (-1) acs2016.Rd:14: Lost braces
      14 |   \item{BROADBND}{Cellular data plan for a smartphone or other mobile device}{1 yes 2 no}
         |                                                                              ^
  checkRd: (-1) acs2016.Rd:21: Lost braces
      21 |   \item{MHP}{Mobile home costs}{$, yearly}
         |                                ^
Flavors: r-devel-linux-x86_64-debian-clang, r-devel-linux-x86_64-debian-gcc, r-devel-linux-x86_64-fedora-clang, r-devel-linux-x86_64-fedora-gcc, r-devel-windows-x86_64, r-patched-linux-x86_64, r-release-linux-x86_64, r-release-macos-arm64, r-release-macos-x86_64, r-release-windows-x86_64, r-oldrel-macos-arm64, r-oldrel-macos-x86_64, r-oldrel-windows-x86_64
Version: 0.2.0
Check: dependencies in R code
Result: NOTE
  Namespaces in Imports field not imported from:
    ‘FactoMineR’ ‘softImpute’
    All declared Imports should be used.
Flavors: r-devel-linux-x86_64-fedora-clang, r-devel-linux-x86_64-fedora-gcc