Last updated on 2025-10-31 13:50:55 CET.
| Flavor | Version | Tinstall | Tcheck | Ttotal | Status | Flags | 
|---|---|---|---|---|---|---|
| r-devel-linux-x86_64-debian-clang | 1.0.1 | 12.93 | 21.28 | 34.21 | OK | |
| r-devel-linux-x86_64-debian-gcc | 1.0.1 | 8.88 | 18.16 | 27.04 | OK | |
| r-devel-linux-x86_64-fedora-clang | 1.0.1 | 42.00 | 16.54 | 58.54 | OK | |
| r-devel-linux-x86_64-fedora-gcc | 1.0.1 | 33.00 | 18.80 | 51.80 | OK | |
| r-devel-windows-x86_64 | 1.0.1 | 35.00 | 58.00 | 93.00 | OK | |
| r-patched-linux-x86_64 | 1.0.1 | 11.46 | 19.96 | 31.42 | OK | |
| r-release-linux-x86_64 | 1.0.1 | 11.40 | 20.04 | 31.44 | OK | |
| r-release-macos-arm64 | 1.0.1 | 13.00 | 14.00 | 27.00 | OK | |
| r-release-macos-x86_64 | 1.0.1 | 18.00 | 24.00 | 42.00 | OK | |
| r-release-windows-x86_64 | 1.0.1 | 37.00 | 59.00 | 96.00 | OK | |
| r-oldrel-macos-arm64 | 1.0.1 | 14.00 | 16.00 | 30.00 | NOTE | |
| r-oldrel-macos-x86_64 | 1.0.1 | 16.00 | 37.00 | 53.00 | NOTE | |
| r-oldrel-windows-x86_64 | 1.0.1 | 34.00 | 73.00 | 107.00 | NOTE | 
Version: 1.0.1
Check: installed package size
Result: NOTE
    installed size is 41.2Mb
    sub-directories of 1Mb or more:
      libs        1.4Mb
      redengine  39.6Mb
Flavors: r-oldrel-macos-arm64, r-oldrel-macos-x86_64, r-oldrel-windows-x86_64