Last updated on 2025-11-13 12:54:15 CET.
| Flavor | Version | Tinstall | Tcheck | Ttotal | Status | Flags |
|---|---|---|---|---|---|---|
| r-devel-linux-x86_64-debian-clang | 0.2.2 | 65.60 | 860.76 | 926.36 | OK | |
| r-devel-linux-x86_64-debian-gcc | 0.2.2 | 43.21 | 525.07 | 568.28 | OK | |
| r-devel-linux-x86_64-fedora-clang | 0.2.2 | 106.00 | 1393.10 | 1499.10 | OK | |
| r-devel-linux-x86_64-fedora-gcc | 0.2.2 | 116.00 | 1340.80 | 1456.80 | OK | |
| r-devel-windows-x86_64 | 0.2.2 | 80.00 | 534.00 | 614.00 | OK | |
| r-patched-linux-x86_64 | 0.2.2 | 68.38 | 820.42 | 888.80 | OK | |
| r-release-linux-x86_64 | 0.2.2 | 62.57 | 817.09 | 879.66 | OK | |
| r-release-macos-arm64 | 0.2.2 | 24.00 | 222.00 | 246.00 | OK | |
| r-release-macos-x86_64 | 0.2.2 | 35.00 | 597.00 | 632.00 | OK | |
| r-release-windows-x86_64 | 0.2.2 | 77.00 | 537.00 | 614.00 | OK | |
| r-oldrel-macos-arm64 | 0.2.2 | 27.00 | 285.00 | 312.00 | NOTE | |
| r-oldrel-macos-x86_64 | 0.2.2 | 29.00 | 630.00 | 659.00 | NOTE | |
| r-oldrel-windows-x86_64 | 0.2.2 | 94.00 | 827.00 | 921.00 | OK |
Version: 0.2.2
Check: installed package size
Result: NOTE
installed size is 8.7Mb
sub-directories of 1Mb or more:
data 2.0Mb
libs 5.1Mb
Flavors: r-oldrel-macos-arm64, r-oldrel-macos-x86_64