Last updated on 2024-05-28 12:56:22 CEST.
Flavor | Version | Tinstall | Tcheck | Ttotal | Status | Flags |
---|---|---|---|---|---|---|
r-devel-linux-x86_64-debian-clang | 0.3.0 | 17.46 | 131.78 | 149.24 | NOTE | |
r-devel-linux-x86_64-debian-gcc | 0.3.0 | 13.74 | 98.25 | 111.99 | NOTE | |
r-devel-linux-x86_64-fedora-clang | 0.3.0 | 193.47 | NOTE | |||
r-devel-linux-x86_64-fedora-gcc | 0.3.0 | 183.98 | NOTE | |||
r-devel-windows-x86_64 | 0.3.0 | 16.00 | 105.00 | 121.00 | NOTE | |
r-patched-linux-x86_64 | 0.3.0 | 16.90 | 126.99 | 143.89 | NOTE | |
r-release-linux-x86_64 | 0.3.0 | 15.93 | 129.38 | 145.31 | NOTE | |
r-release-macos-arm64 | 0.3.0 | 52.00 | NOTE | |||
r-release-windows-x86_64 | 0.3.0 | 15.00 | 105.00 | 120.00 | NOTE | |
r-oldrel-macos-arm64 | 0.3.0 | 55.00 | OK | |||
r-oldrel-macos-x86_64 | 0.3.0 | 91.00 | OK | |||
r-oldrel-windows-x86_64 | 0.3.0 | 20.00 | 134.00 | 154.00 | OK |
Version: 0.3.0
Check: Rd files
Result: NOTE
checkRd: (-1) mlim.Rd:58: Lost braces
58 | Note that code{"XGB"} is only available in Mac OS and Linux. moreover,
| ^
Flavors: r-devel-linux-x86_64-debian-clang, r-devel-linux-x86_64-debian-gcc, r-devel-linux-x86_64-fedora-clang, r-devel-linux-x86_64-fedora-gcc, r-devel-windows-x86_64, r-patched-linux-x86_64, r-release-linux-x86_64, r-release-macos-arm64, r-release-windows-x86_64