Last updated on 2025-07-08 13:49:13 CEST.
Flavor | Version | Tinstall | Tcheck | Ttotal | Status | Flags |
---|---|---|---|---|---|---|
r-devel-linux-x86_64-debian-clang | 0.3.0 | 14.69 | 107.73 | 122.42 | NOTE | |
r-devel-linux-x86_64-debian-gcc | 0.3.0 | 10.58 | 74.96 | 85.54 | NOTE | |
r-devel-linux-x86_64-fedora-clang | 0.3.0 | 188.85 | NOTE | |||
r-devel-linux-x86_64-fedora-gcc | 0.3.0 | 170.13 | NOTE | |||
r-devel-windows-x86_64 | 0.3.0 | 14.00 | 107.00 | 121.00 | NOTE | |
r-patched-linux-x86_64 | 0.3.0 | 13.76 | 100.09 | 113.85 | NOTE | |
r-release-linux-x86_64 | 0.3.0 | 13.69 | 99.65 | 113.34 | NOTE | |
r-release-macos-arm64 | 0.3.0 | 60.00 | NOTE | |||
r-release-macos-x86_64 | 0.3.0 | 109.00 | NOTE | |||
r-release-windows-x86_64 | 0.3.0 | 15.00 | 103.00 | 118.00 | NOTE | |
r-oldrel-macos-arm64 | 0.3.0 | 52.00 | NOTE | |||
r-oldrel-macos-x86_64 | 0.3.0 | 73.00 | NOTE | |||
r-oldrel-windows-x86_64 | 0.3.0 | 21.00 | 132.00 | 153.00 | NOTE |
Version: 0.3.0
Check: Rd files
Result: NOTE
checkRd: (-1) mlim.Rd:58: Lost braces
58 | Note that code{"XGB"} is only available in Mac OS and Linux. moreover,
| ^
Flavors: r-devel-linux-x86_64-debian-clang, r-devel-linux-x86_64-debian-gcc, r-devel-linux-x86_64-fedora-clang, r-devel-linux-x86_64-fedora-gcc, r-devel-windows-x86_64, r-patched-linux-x86_64, r-release-linux-x86_64, r-release-macos-arm64, r-release-macos-x86_64, r-release-windows-x86_64, r-oldrel-macos-arm64, r-oldrel-macos-x86_64, r-oldrel-windows-x86_64