Last updated on 2025-11-27 13:48:41 CET.
| Flavor | Version | Tinstall | Tcheck | Ttotal | Status | Flags |
|---|---|---|---|---|---|---|
| r-devel-linux-x86_64-debian-clang | 1.1.2 | 11.69 | 132.31 | 144.00 | OK | |
| r-devel-linux-x86_64-debian-gcc | 1.1.2 | 7.50 | 86.39 | 93.89 | OK | |
| r-devel-linux-x86_64-fedora-clang | 1.1.2 | 63.00 | 180.79 | 243.79 | NOTE | |
| r-devel-linux-x86_64-fedora-gcc | 1.1.2 | 30.00 | 187.53 | 217.53 | NOTE | |
| r-devel-windows-x86_64 | 1.1.2 | 21.00 | 145.00 | 166.00 | OK | |
| r-patched-linux-x86_64 | 1.1.2 | 14.34 | 128.77 | 143.11 | OK | |
| r-release-linux-x86_64 | 1.1.2 | 11.16 | 131.65 | 142.81 | OK | |
| r-release-macos-arm64 | 1.1.2 | OK | ||||
| r-release-macos-x86_64 | 1.1.2 | 16.00 | 145.00 | 161.00 | OK | |
| r-release-windows-x86_64 | 1.1.2 | 18.00 | 139.00 | 157.00 | OK | |
| r-oldrel-macos-arm64 | 1.1.2 | NOTE | ||||
| r-oldrel-macos-x86_64 | 1.1.2 | 21.00 | 162.00 | 183.00 | NOTE | |
| r-oldrel-windows-x86_64 | 1.1.2 | 21.00 | 184.00 | 205.00 | NOTE |
Version: 1.1.2
Check: dependencies in R code
Result: NOTE
Namespaces in Imports field not imported from:
‘ClusterR’ ‘MASS’ ‘Rdpack’ ‘multiwave’ ‘randomForest’ ‘ranger’
All declared Imports should be used.
Flavors: r-devel-linux-x86_64-fedora-clang, r-devel-linux-x86_64-fedora-gcc
Version: 1.1.2
Check: package dependencies
Result: NOTE
Packages suggested but not available for checking:
'ueadata1', 'ueadata2', 'ueadata3', 'ueadata4', 'ueadata5',
'ueadata6', 'ueadata7', 'ueadata8'
Flavors: r-oldrel-macos-arm64, r-oldrel-macos-x86_64, r-oldrel-windows-x86_64